{"id":632,"date":"2019-11-15T09:22:34","date_gmt":"2019-11-15T09:22:34","guid":{"rendered":"https:\/\/testth.erfred.fr\/?page_id=632"},"modified":"2020-04-14T22:26:49","modified_gmt":"2020-04-14T22:26:49","slug":"kits-chargeurs-nickel","status":"publish","type":"page","link":"https:\/\/ni-cd.net\/wpnicd\/index.php\/kits-chargeurs-nickel\/","title":{"rendered":"Kits chargeurs Nickel"},"content":{"rendered":"\n<div class=\"wp-block-group\"><div class=\"wp-block-group__inner-container is-layout-flow wp-block-group-is-layout-flow\">\n<p style=\"color:#0071a1\" class=\"has-text-color has-background has-medium-font-size has-very-light-gray-background-color\"><strong><em>Les kits et montages complets \u00e0 r\u00e9aliser vous m\u00eame.<\/em><\/strong><\/p>\n\n\n\n<p style=\"background-color:#0071a1\" class=\"has-text-color has-background has-very-light-gray-color\">Chargeur D\u00e9chargeur rapide Ni-Cd, Ni-MH, Li-po pilotable par PC<\/p>\n\n\n\n<p> Il s&rsquo;agit d&rsquo;un chargeur pilot\u00e9 par 2 microprocesseurs pic avec affichage 16&#215;2 et navigation dans les menus contr\u00f4l\u00e9s par 6 touches.<br> Il contr\u00f4le la charge par mesure -dv par d\u00e9faut et aussi dv\/dt par s\u00e9lection.<br> La d\u00e9charge peut se faire en mode r\u00e9sistif par diminution de courant de d\u00e9charge suivant la baisse de tension.<br> Il contient jusqu\u2019\u00e0 127 types de batteries en m\u00e9moire flash (mais c&rsquo;est un peu long \u00e0 faire d\u00e9filer), mais il faut un liaison s\u00e9rie avec un pc pour entrer les mod\u00e8les (l\u2019\u00e9dition sous Windows c&rsquo;est plus confortable).<br> Un mode charge automatique est aussi disponible. La liaison s\u00e9rie permet aussi une vue en temps r\u00e9el de la courbe de charge, ou en diff\u00e9r\u00e9 pour une analyse d\u00e9taill\u00e9e.<br> Le package zip contient tous les d\u00e9tails n\u00e9cessaires, le mieux est de lire d&rsquo;abord la documentation dans le r\u00e9pertoire doc.<br> Si vous voulez r\u00e9aliser ce chargeur vous pouvez contacter son auteur Robert, son adresse est dans le fichier readme.txt contenu avec tout le reste dans le fichier .zip \u00e0 t\u00e9l\u00e9charger ici :<br><a href=\"http:\/\/www.amcmach2.com\/Pages%20annexes\/electronique.html\">http:\/\/www.amcmach2.com\/Pages%20annexes\/electronique.html<\/a><br> Bravo \u00e0 Robert c&rsquo;est un tr\u00e8s beau travail.<\/p>\n\n\n\n<p style=\"background-color:#0071a1\" class=\"has-text-color has-background has-very-light-gray-color\"><strong>Divers montages de chargeurs et d\u00e9chargeurs<\/strong><\/p>\n\n\n\n<p><strong>La page technique de F5JTZ <\/strong>Radioamateur, qui est une mine de petits montages dont certains avec typon.<br> Vous trouverez plus d&rsquo;une dizaine de sch\u00e9mas, d&rsquo;alimentations, de chargeurs, de d\u00e9chargeurs, de charges \u00e9lectroniques etc etc.<br><a href=\"http:\/\/f5jtz.free.fr\/pjacquet\/technik.htm\"> http:\/\/f5jtz.free.fr\/pjacquet\/technik.htm<\/a><\/p>\n\n\n\n<p style=\"background-color:#0071a1\" class=\"has-text-color has-background has-very-light-gray-color\"><strong>Le Chargeur &lsquo;REFLEX&rsquo;<\/strong><\/p>\n\n\n\n<p>Un site d\u00e9di\u00e9 au mod\u00e9lisme qui pr\u00e9sente un chargeur\/D\u00e9chargeur tr\u00e8s \u00e9volu\u00e9 sp\u00e9cialis\u00e9 pour les accus servant aux \u00e9metteurs et aux r\u00e9cepteurs.<br> Ce chargeur utilise le principe reflex et est d\u00e9velopp\u00e9 autour d&rsquo;un ICS1702 (Chargeur complet avec plans et typon)<br> <a href=\"http:\/\/pierre.rondel.free.fr\/reflex.htm\">http:\/\/pierre.rondel.free.fr\/reflex.htm<\/a> .<\/p>\n\n\n\n<p style=\"background-color:#0071a1\" class=\"has-text-color has-background has-very-light-gray-color\">Le fameux Chargeur CD1 de Francis Thobois<\/p>\n\n\n\n<p>Sur : <a href=\"https:\/\/radiomodelisme.com\/CD1.htm\">https:\/\/radiomodelisme.com\/CD1.htm<\/a><br> Francis Thobois d\u00e9crit un chargeur\/d\u00e9chargeur pour Ni-Cd et Ni-Mh<br> tr\u00e8s performant \u00e0 microcontr\u00f4leur et alim 12V (donc de terrain) :<\/p>\n\n\n\n<p style=\"background-color:#0071a1\" class=\"has-text-color has-background has-very-light-gray-color\"><strong>Un chargeur\/d\u00e9chargeur pilot\u00e9 par PC<\/strong><\/p>\n\n\n\n<p><a href=\"http:\/\/pierre.rondel.free.fr\/chargepc.htm\">http:\/\/pierre.rondel.free.fr\/chargepc.htm<\/a><br> LE chargeur de G\u00e9rard Auvray.<br> Caract\u00e9ristiques techniques :<\/p>\n\n\n\n<ul class=\"wp-block-list\"><li>Charge et d\u00e9charge \u00e0 courant constant programmable de 0 \u00e0 4 A( ou plus si n\u00e9cessaire) ;<\/li><li>Nombres d&rsquo;\u00e9l\u00e9ments en charge : de 1 \u00e0 X ( d\u00e9pend de la tension d&rsquo;alimentation disponible) ;<\/li><li>Nombres d&rsquo;\u00e9l\u00e9ments en d\u00e9charge 3 \u00e0 20 (d\u00e9pend de la tension maximum de T1 et T2) ;<\/li><li>Mesure de la r\u00e9sistance interne de la batterie ;<\/li><li>Calcul de la capacit\u00e9 ;<\/li><li>Trac\u00e9 de la courbe tension en fonction du temps ;<\/li><li>D\u00e9tection de la fin de charge par &#8211; delta V ajust\u00e9 en fonction du type de batterie ;<\/li><li>Mesure de la temp\u00e9rature batterie ;<\/li><li>Enregistrement des donn\u00e9es dans un fichier texte pouvant \u00eatre trait\u00e9 ult\u00e9rieurement sous Excel ;<\/li><li>Supporte les batteries Ni-Cd, Ni-MH et prochainement les Li-Ion et batteries classiques. <\/li><\/ul>\n\n\n\n<p style=\"background-color:#0071a1\" class=\"has-text-color has-background has-very-light-gray-color\"><strong>Le site de Bernard Simon<\/strong><\/p>\n\n\n\n<p>AEROMODELISEZ-VOUS : <a href=\"http:\/\/a190754.free.fr\/ELECTRO1.php\">http:\/\/a190754.free.fr\/ELECTRO1.php<\/a><br> qui vous propose plusieurs petits montages :<\/p>\n\n\n\n<ul class=\"wp-block-list\"><li>Un petit chargeur sur la base d&rsquo;un MAX713 .<\/li><li>Un petit d\u00e9chargeur avec coupure automatique.<\/li><li>Un petit Vum\u00e8tre pour accu. <\/li><\/ul>\n<\/div><\/div>\n\n\n\n<h4 class=\"has-text-align-right wp-block-heading\"><a href=\"\/wpnicd\/index.php\/chargeur-pour-aq-au-plomb\/\"><br><br>La suite >>><\/a><\/h4>\n","protected":false},"excerpt":{"rendered":"<p>Les kits et montages complets \u00e0 r\u00e9aliser vous m\u00eame. Chargeur D\u00e9chargeur rapide Ni-Cd, Ni-MH, Li-po pilotable par PC Il s&rsquo;agit d&rsquo;un chargeur pilot\u00e9 par 2 microprocesseurs pic avec affichage 16&#215;2 et navigation dans les menus contr\u00f4l\u00e9s par 6 touches. Il contr\u00f4le la charge par mesure -dv par d\u00e9faut et aussi dv\/dt par s\u00e9lection. La d\u00e9charge [&hellip;]<\/p>\n","protected":false},"author":1,"featured_media":0,"parent":0,"menu_order":0,"comment_status":"closed","ping_status":"closed","template":"","meta":{"footnotes":""},"class_list":["post-632","page","type-page","status-publish","hentry"],"_links":{"self":[{"href":"https:\/\/ni-cd.net\/wpnicd\/index.php\/wp-json\/wp\/v2\/pages\/632"}],"collection":[{"href":"https:\/\/ni-cd.net\/wpnicd\/index.php\/wp-json\/wp\/v2\/pages"}],"about":[{"href":"https:\/\/ni-cd.net\/wpnicd\/index.php\/wp-json\/wp\/v2\/types\/page"}],"author":[{"embeddable":true,"href":"https:\/\/ni-cd.net\/wpnicd\/index.php\/wp-json\/wp\/v2\/users\/1"}],"replies":[{"embeddable":true,"href":"https:\/\/ni-cd.net\/wpnicd\/index.php\/wp-json\/wp\/v2\/comments?post=632"}],"version-history":[{"count":8,"href":"https:\/\/ni-cd.net\/wpnicd\/index.php\/wp-json\/wp\/v2\/pages\/632\/revisions"}],"predecessor-version":[{"id":1333,"href":"https:\/\/ni-cd.net\/wpnicd\/index.php\/wp-json\/wp\/v2\/pages\/632\/revisions\/1333"}],"wp:attachment":[{"href":"https:\/\/ni-cd.net\/wpnicd\/index.php\/wp-json\/wp\/v2\/media?parent=632"}],"curies":[{"name":"wp","href":"https:\/\/api.w.org\/{rel}","templated":true}]}}