{"id":628,"date":"2019-11-15T09:18:55","date_gmt":"2019-11-15T09:18:55","guid":{"rendered":"https:\/\/testth.erfred.fr\/?page_id=628"},"modified":"2020-05-21T20:56:30","modified_gmt":"2020-05-21T20:56:30","slug":"les-composants-chargeurs-nickel","status":"publish","type":"page","link":"https:\/\/ni-cd.net\/wpnicd\/index.php\/les-composants-chargeurs-nickel\/","title":{"rendered":"Les composants chargeurs Nickel"},"content":{"rendered":"\n<div class=\"wp-block-group\"><div class=\"wp-block-group__inner-container is-layout-flow wp-block-group-is-layout-flow\">\n<p style=\"background-color:#0071a1\" class=\"has-text-color has-background has-very-light-gray-color\"><strong>Les composants sp\u00e9cialis\u00e9s pour r\u00e9aliser un chargeur intelligent.<\/strong><\/p>\n\n\n\n<p><strong><em> ATTENTION cette page ne regroupe que les composants d\u00e9di\u00e9s aux technologies Ni-Cd et Ni-MH.<br> Pour le plomb et le Li-ion voir dans leurs rubriques respectives (onglets ci-dessus).<\/em><\/strong><\/p>\n\n\n\n<p>Les circuits pour la gestion des batteries sont aujourd&rsquo;hui nombreux et il est difficile de s&rsquo;y retrouver.<br>En voici quelques uns class\u00e9s en deux grands types : gestion de la charge \/ d\u00e9charge , et connaissance de la quantit\u00e9 d&rsquo;\u00e9lectricit\u00e9 fournie ou consomm\u00e9e :<br><strong>U2400B &#8211; U2402B &#8211; U2405B \/ U2407B &#8211; MAX712 \/ MAX713 &#8211; MAX846A &#8211; MAX2003(A) &#8211; MAX1640 &#8211; TEA1103 &#8211; ADP3811 &#8211; TSM101 &#8211; ICS1702 &#8211; LM3647 &#8211; bq2018 &#8211; MAX471 &#8211; MC33340 &#8211; DS2770 &#8211; bq2010 &#8211; TEA1102 <\/strong>&#8211;<br>Vous trouverez ici un petit r\u00e9sum\u00e9 succin sur chacun de ces composants et des liens vers des datasheets, des notes d&rsquo;application et\/ou des sites qui les concernent.<br>Si vous connaissez d&rsquo;autres sites de ce type ou d&rsquo;autres composants merci de me les communiquer pour en faire b\u00e9n\u00e9ficier les petits copains.<br>Si certains liens ne fonctionnent plus merci de m&rsquo;en informer aussi : Envoi email<\/p>\n\n\n\n<p style=\"background-color:#0071a1\" class=\"has-text-color has-background has-very-light-gray-color\"><strong>LES COMPOSANTS DE GESTION DE CHARGE ET DECHARGE<\/strong><\/p>\n\n\n\n<p class=\"has-text-color has-background has-very-dark-gray-color has-cyan-bluish-gray-background-color\"><strong>U2400B<\/strong><\/p>\n\n\n\n<p> TEMIC \/ Telefunken<br>     Gestion des technos :<strong>nicd<\/strong> | Mode d&rsquo;arret : <strong>tension, temperature<\/strong><\/p>\n\n\n\n<ul class=\"wp-block-list\"><li>Datasheet : <a href=\"http:\/\/ni-cd.net\/nicddownload\/Datasheet_U2400B.pdf\">http:\/\/ni-cd.net\/nicddownload\/Datasheet_U2400B.pdf <\/a><\/li><li>Note d&rsquo;application :<br> http:\/\/www.ni-cd.net\/accusphp\/chargeur\/realisation\/schemas.php<br> Le plus ancien de tous. Il permet de g\u00e9rer le courant de charge par modulation de la largeur d&rsquo;impulsion, il n\u00e9cessite un transistor de puissance et une limitation de courant externes. Il contr\u00f4le la tension de fin de charge ou de d\u00e9charge (fix\u00e9es par R externe) et la T\u00b0. Il g\u00e8re les temps de charges limites. A r\u00e9server \u00e0 la technologie NiCd. Toute une famille est d\u00e9riv\u00e9 du produit d&rsquo;origine (voir ci dessous). Des sch\u00e9mas du synoptique interne, de chargeurs complets, un article de presse sont disponibles dans la page \u00ab\u00a0Chargeur \u00e0 r\u00e9aliser\u00a0\u00bb de ce site.<\/li><\/ul>\n\n\n\n<p class=\"has-text-color has-background has-very-dark-gray-color has-cyan-bluish-gray-background-color\"><strong>U2402B<\/strong><\/p>\n\n\n\n<p> TEMIC \/ Telefunken<br>     Gestion des technos :<strong>nicd,nimh<\/strong> | Mode d&rsquo;arret : <strong>d\u00b2V\/dt\u00b2 , -dV\/dt<\/strong><\/p>\n\n\n\n<ul class=\"wp-block-list\"><li>Datasheet : <a href=\"http:\/\/ni-cd.net\/nicddownload\/Datasheet_U2402B.pdf\">http:\/\/ni-cd.net\/nicddownload\/Datasheet_U2402B.pdf<\/a><br> M\u00eame famille que le pr\u00e9c\u00e9dent mais il fonctionne en charge rapide aussi bien pour du Ni-Cd que du Ni-MH. Arr\u00eat automatique en fin de charge en trois temps par d\u00e9tection du d\u00b2V\/dt\u00b2 puis du -dV\/dt (charge rapide puis C\/4 puis C\/256), d\u00e9tection de temp\u00e9rature et autre d\u00e9fauts.<\/li><\/ul>\n\n\n\n<p class=\"has-text-color has-background has-very-dark-gray-color has-cyan-bluish-gray-background-color\"><strong>U2405B \/ U2407B<\/strong><\/p>\n\n\n\n<p> TEMIC \/ Telefunken<br>     Gestion des technos :<strong>nicd,nimh<\/strong> | Mode d&rsquo;arret : <strong>d\u00b2V\/dt\u00b2 , -dV\/dt<\/strong><\/p>\n\n\n\n<ul class=\"wp-block-list\"><li>Datasheet : <a href=\"http:\/\/ni-cd.net\/nicddownload\/Datasheet_U2407B.pdf\">http:\/\/ni-cd.net\/nicddownload\/Datasheet_U2407B.pdf<\/a><br> M\u00eame famille que le pr\u00e9c\u00e9dent mais il fonctionne en charge rapide aussi bien pour du Ni-Cd que du Ni-MH. Arr\u00eat automatique en fin de charge en trois temps par d\u00e9tection du d\u00b2V\/dt\u00b2 puis du -dV\/dt (charge rapide puis C\/4 puis C\/256), d\u00e9tection de temp\u00e9rature et autre d\u00e9fauts.<\/li><\/ul>\n\n\n\n<p class=\"has-text-color has-background has-very-dark-gray-color has-cyan-bluish-gray-background-color\"><strong>MAX712 \/ MAX713<\/strong><\/p>\n\n\n\n<p>MAXIM<br>     Gestion des technos :<strong>nicd,nimh<\/strong> | Mode d&rsquo;arret : <strong>-dV\/dt , dT\/dt<\/strong><\/p>\n\n\n\n<ul class=\"wp-block-list\"><li>Datasheet : <br><a href=\"http:\/\/ni-cd.net\/nicddownload\/Datasheet_MAX712-MAX713.pdf\">http:\/\/ni-cd.net\/nicddownload\/Datasheet_MAX712-MAX713.pdf<\/a><\/li><li>Note d&rsquo;application :<br> http:\/\/www.ni-cd.net\/accusphp\/chargeur\/realisation\/schemas.php<br> Con\u00e7u avec un \u00b5controleur int\u00e9gr\u00e9 il g\u00e8re tous les param\u00e8tres utiles \u00e0 la charge rapide. Il n\u00e9cessite un transistor de puissance ext\u00e9rieur. Charge le Ni-Cd et le Ni-MH. MAX 712 fin de charge sur non \u00e9volution de la tension de l&rsquo;accu (max de la courbe de charge), MAX713 fin de charge sur -dV\/dt. Des sch\u00e9mas de chargeurs complets, des notes d&rsquo;application sont disponibles dans la page \u00ab\u00a0Chargeur intelligent\u00a0\u00bb de ce site.<\/li><\/ul>\n\n\n\n<p class=\"has-text-color has-background has-very-dark-gray-color has-cyan-bluish-gray-background-color\"><strong>MAX846A<\/strong><\/p>\n\n\n\n<p>MAXIM<br>     Gestion des technos :<strong>nicd,nimh,liion<\/strong> | Mode d&rsquo;arret : <strong>-dV\/dt<\/strong><\/p>\n\n\n\n<ul class=\"wp-block-list\"><li>Datasheet : <a href=\"http:\/\/ni-cd.net\/nicddownload\/Datasheet_MAX846A.pdf\">http:\/\/ni-cd.net\/nicddownload\/Datasheet_MAX846A.pdf<\/a><br> Con\u00e7u avec un \u00b5controleur int\u00e9gr\u00e9 il g\u00e8re tous les param\u00e8tres utiles \u00e0 la charge. Il n\u00e9cessite un transistor de puissance ext\u00e9rieur. Charge aussi les \u00e9l\u00e9ments Li-ion (pas dispo en bo\u00eetier DIP)<\/li><\/ul>\n\n\n\n<p class=\"has-text-color has-background has-very-dark-gray-color has-cyan-bluish-gray-background-color\"><strong>MAX2003(A)<\/strong><\/p>\n\n\n\n<p>MAXIM<br>     Gestion des technos :<strong>nicd,nimh<\/strong> | Mode d&rsquo;arret : <strong>-dV\/dt , dT\/dt<\/strong><\/p>\n\n\n\n<ul class=\"wp-block-list\"><li>Datasheet : <a href=\"http:\/\/ni-cd.net\/nicddownload\/Datasheet_MAX2003.pdf\">http:\/\/ni-cd.net\/nicddownload\/Datasheet_MAX2003.pdf<\/a><br> Con\u00e7u avec un \u00b5controleur int\u00e9gr\u00e9 il g\u00e8re tous les param\u00e8tres utiles \u00e0 la charge. Il n\u00e9cessite un transistor de puissance ext\u00e9rieur. Fin de charge sur dT\/dt pour Ni-MH et Ni-Cd et -dV\/dt uniquement pour le Ni-Cd (pas dispo en bo\u00eetier DIP)<\/li><\/ul>\n\n\n\n<p class=\"has-text-color has-background has-very-dark-gray-color has-cyan-bluish-gray-background-color\"><strong>TEA1103<\/strong><\/p>\n\n\n\n<p>     Gestion des technos :<strong>nicd,nimh <\/strong>| Mode d&rsquo;arret : <strong>-dV\/dt , dT\/dt<\/strong><\/p>\n\n\n\n<ul class=\"wp-block-list\"><li>Datasheet : <a href=\"http:\/\/ni-cd.net\/nicddownload\/Datasheet_TEA1103.pdf\">http:\/\/ni-cd.net\/nicddownload\/Datasheet_TEA1103.pdf<\/a><br> Fonctionne en lin\u00e9aire ou en d\u00e9coupage.<\/li><\/ul>\n\n\n\n<p class=\"has-text-color has-background has-very-dark-gray-color has-cyan-bluish-gray-background-color\"><strong>ADP3811<\/strong><\/p>\n\n\n\n<p>     Gestion des technos :<strong>nicd<\/strong> | Mode d&rsquo;arret : <strong>tension<\/strong><\/p>\n\n\n\n<ul class=\"wp-block-list\"><li>Datasheet : <a href=\"http:\/\/ni-cd.net\/nicddownload\/Datasheet_ADP3810.pdf\">http:\/\/ni-cd.net\/nicddownload\/Datasheet_ADP3810.pdf<\/a><br> Courant de charge programmable. Tension de fin de charge ajustable par r\u00e9sistance externe. R\u00e9gulation par modulation de largeur d&rsquo;impulsion avec sortie pour optocoupleur. (ADP3810 pour Li-ion ).<\/li><\/ul>\n\n\n\n<p class=\"has-text-color has-background has-very-dark-gray-color has-cyan-bluish-gray-background-color\"><strong>ICS1702<\/strong><\/p>\n\n\n\n<p> Galaxy Power, Inc.<br>     Gestion des technos :<strong>nicd,nimh<\/strong> | Mode d&rsquo;arret : <strong>dV\/dt<\/strong><\/p>\n\n\n\n<ul class=\"wp-block-list\"><li>Datasheet : <a href=\"http:\/\/ni-cd.net\/nicddownload\/Datasheet_ICS1702.pdf\">http:\/\/ni-cd.net\/nicddownload\/Datasheet_ICS1702.pdf<\/a><\/li><li>Ce circuit d\u00e9tecte la d\u00e9croissance de la courbe de tension en fin de charge en fonction du temps . Cette mesure est faite par \u00e9chantillonage de la tension batterie en arr\u00eatant un bref instant le courant de charge. Il est capable de traiter la mesure de temp\u00e9rature et g\u00e8re les charges rapides et acc\u00e9l\u00e9r\u00e9es (1 \u00e0 4 h). Ce circuit pratique la charge par de courts cycles de charge, br\u00e8ve d\u00e9charge, arr\u00eat pour la mesure . Il g\u00e8re aussi un nouveau style de charge qui commence par une charge rapide \u00e0 In, puis une charge normale In\/10, et enfin un courant d&rsquo;entretien; le composant g\u00e9rant en permanence l&rsquo;\u00e9tat de charge de l&rsquo;accumulateur.<\/li><\/ul>\n\n\n\n<p class=\"has-text-color has-background has-very-dark-gray-color has-cyan-bluish-gray-background-color\"><strong>LM3647<\/strong><\/p>\n\n\n\n<p>   Gestion des technos :<strong>nicd,nimh,liion<\/strong> | Mode d&rsquo;arret : <strong>-dV\/dt , dT\/dt<\/strong><\/p>\n\n\n\n<ul class=\"wp-block-list\"><li>Datasheet : <a href=\"http:\/\/ni-cd.net\/nicddownload\/Datasheet_LM3647.pdf\">http:\/\/ni-cd.net\/nicddownload\/Datasheet_LM3647.pdf<\/a><br> Ce composant charge toutes les technologies, Ni-Cd, Ni-MH, Li-ion. Possibilit\u00e9 de charge impulsionnelle ou courant continu. D\u00e9tection automatique de la fin de charge sur -dV\/dt, dT\/dt; surveillance tension et temp\u00e9rature max. Uniquement dispo en boitier SOIC. Notes d&rsquo;application sur le site du fabricant.<\/li><\/ul>\n\n\n\n<p class=\"has-text-color has-background has-very-dark-gray-color has-cyan-bluish-gray-background-color\"><strong>MC33340<\/strong><\/p>\n\n\n\n<p>   Gestion des technos :<strong>nimh<\/strong> | Mode d&rsquo;arret :<strong> -dV\/dt<\/strong><\/p>\n\n\n\n<ul class=\"wp-block-list\"><li>Datasheet : <a href=\"http:\/\/ni-cd.net\/nicddownload\/Datasheet_MC33340.pdf\">http:\/\/ni-cd.net\/nicddownload\/Datasheet_MC33340.pdf<\/a><br>Ce circuit d\u00e9tecte la d\u00e9croissance de la courbe de tension en fin de charge en fonction du temps (\u00e0 4 mV pr\u00e8s). Cette mesure est faite par \u00e9chantillonage de la tension batterie en arr\u00eatant un bref instant le courant de charge. Il est capable de traiter la mesure de temp\u00e9rature et g\u00e8re les charges rapides et acc\u00e9l\u00e9r\u00e9es (1 \u00e0 4 h).<\/li><\/ul>\n\n\n\n<p class=\"has-text-color has-background has-very-dark-gray-color has-cyan-bluish-gray-background-color\"><strong>DS2770<\/strong><\/p>\n\n\n\n<p>     Gestion des technos :<strong>nimh,liion<\/strong> | Mode d&rsquo;arret : <strong>dT\/dt<\/strong><\/p>\n\n\n\n<ul class=\"wp-block-list\"><li>Datasheet : <a href=\"http:\/\/ni-cd.net\/nicddownload\/Datasheet_DS2770.pdf\">http:\/\/ni-cd.net\/nicddownload\/Datasheet_DS2770.pdf<\/a><br> fonctionne connect\u00e9 \u00e0 un \u00b5P ou un \u00b5C via une liaison s\u00e9rie 1 fil.<\/li><\/ul>\n\n\n\n<p class=\"has-text-color has-background has-very-dark-gray-color has-cyan-bluish-gray-background-color\"><strong>TEA1102<\/strong><\/p>\n\n\n\n<p>    Gestion des technos :<strong>nicd, nimh, liion, plomb<\/strong> | Mode d&rsquo;arret :<strong> dT\/dt, -dV\/dt<\/strong><\/p>\n\n\n\n<ul class=\"wp-block-list\"><li>Datasheet : <a href=\"http:\/\/ni-cd.net\/nicddownload\/Datasheet_TEA1102_4.pdf\">http:\/\/ni-cd.net\/nicddownload\/Datasheet_TEA1102_4.pdf<\/a><br> Circuit complet pour charge rapide Ni-Cd et Ni-MH, Li-ion et Plomb acide. Arr\u00eat automatique de fin de charge.<\/li><\/ul>\n\n\n\n<p style=\"background-color:#0071a1\" class=\"has-text-color has-background has-very-light-gray-color\"><strong>LES COMPOSANTS DE MESURE DE COURANT ET TENSION<\/strong><\/p>\n\n\n\n<p class=\"has-text-color has-background has-very-dark-gray-color has-cyan-bluish-gray-background-color\"><strong>MAX1640<\/strong><\/p>\n\n\n\n<ul class=\"wp-block-list\"><li>Datasheet : <a href=\"http:\/\/ni-cd.net\/nicddownload\/Datasheet_MAX1640.pdf\">http:\/\/ni-cd.net\/nicddownload\/Datasheet_MAX1640.pdf<\/a><\/li><li>Note d&rsquo;application : <br><a href=\"http:\/\/ni-cd.net\/nicddownload\/MAX1640EVKIT.pdf\">http:\/\/ni-cd.net\/nicddownload\/MAX1640EVKIT.pdf<\/a><br>Source de courant ajustable et programmable. <\/li><\/ul>\n\n\n\n<p class=\"has-text-color has-background has-very-dark-gray-color has-cyan-bluish-gray-background-color\"><strong>TSM101<\/strong><\/p>\n\n\n\n<ul class=\"wp-block-list\"><li>Datasheet : <a href=\"http:\/\/ni-cd.net\/nicddownload\/Datasheet_tsm101.pdf\">http:\/\/ni-cd.net\/nicddownload\/Datasheet_tsm101.pdf<\/a><\/li><\/ul>\n\n\n\n<div class=\"wp-block-group\"><div class=\"wp-block-group__inner-container is-layout-flow wp-block-group-is-layout-flow\">\n<ul class=\"wp-block-list\"><li>Tr\u00e8s simple , il compare la tension et le courant d\u00e9livr\u00e9 par l&rsquo;alimentation amont \u00e0 des valeurs de r\u00e9f\u00e9rences internes et d\u00e9livre un signal \u00e0 la boucle de r\u00e9gulation.<\/li><\/ul>\n<\/div><\/div>\n\n\n\n<p class=\"has-text-color has-background has-very-dark-gray-color has-cyan-bluish-gray-background-color\"><strong>bq2018<\/strong><\/p>\n\n\n\n<ul class=\"wp-block-list\"><li>Datasheet : <a href=\"http:\/\/ni-cd.net\/nicddownload\/Datasheet_bq2018.pdf\">http:\/\/ni-cd.net\/nicddownload\/Datasheet_bq2018.pdf<\/a><\/li><\/ul>\n\n\n\n<ul class=\"wp-block-list\"><li>Note d&rsquo;application :<br><a href=\"http:\/\/ni-cd.net\/nicddownload\/ApplicationNote_BQ2018.pdf\">http:\/\/ni-cd.net\/nicddownload\/ApplicationNote_BQ2018.pdf<\/a><br> Pilot\u00e9 par un \u00b5contr\u00f4leur ce composant permet de conna\u00eetre en permanence la quantit\u00e9 d&rsquo;\u00e9lectricit\u00e9 pr\u00e9sente dans l&rsquo;accumulateur. Une r\u00e9sistance en s\u00e9rie sur la masse permet de mesurer les courants de charge et de d\u00e9charge. La d\u00e9charge naturelle au repos est prise en compte en fonction de la temp\u00e9rature \u00e0 l&rsquo;aide d&rsquo;un compteur interne. Ce compteur permet aussi de contr\u00f4ler les temps de charge et de d\u00e9charge.Le capteur de temp\u00e9rature est int\u00e9gr\u00e9 au bo\u00eetier. Toutes les donn\u00e9es sont stock\u00e9es dans des registres 8 bits internes acc\u00e9ssibles par un port s\u00e9rie. Le composant poss\u00e8de une sortie capable de piloter un MOSFET externe pour r\u00e9guler sa tension d&rsquo;alimentation. Il g\u00e8re aussi les batteries Li-ion<\/li><\/ul>\n\n\n\n<p class=\"has-text-color has-background has-very-dark-gray-color has-cyan-bluish-gray-background-color\"><strong>MAX471<\/strong><\/p>\n\n\n\n<ul class=\"wp-block-list\"><li> Datasheet :<br><a href=\"http:\/\/ni-cd.net\/nicddownload\/Datasheet_MAX471-MAX472.pdf\">http:\/\/ni-cd.net\/nicddownload\/Datasheet_MAX471-MAX472.pdf<\/a><\/li><li>Circuit de mesure de courant avec shunt et amplificateur int\u00e9gr\u00e9.<\/li><\/ul>\n\n\n\n<p class=\"has-text-color has-background has-very-dark-gray-color has-cyan-bluish-gray-background-color\"><strong>bq2010<\/strong><\/p>\n\n\n\n<p> &#8211; Datasheet : <a href=\"http:\/\/ni-cd.net\/nicddownload\/Datasheet_BQ2010.pdf\">http:\/\/ni-cd.net\/nicddownload\/Datasheet_BQ2010.pdf<\/a><br>     Comme le bq2018 il surveille le courant qui circule \u00e0 la charge et \u00e0 la d\u00e9charge. Il indique le niveau restant dans l&rsquo;accu via une liaison s\u00e9rie. Il peut en plus afficher ce niveau sur 6 leds. Donc fonctionnement autonome possible. <\/p>\n<\/div><\/div>\n\n\n\n<h4 class=\"has-text-align-right wp-block-heading\"><a href=\"\/wpnicd\/index.php\/schemas-chargeurs-nickel\/\"><br><br>La suite &gt;&gt;&gt;<\/a><\/h4>\n","protected":false},"excerpt":{"rendered":"<p>Les composants sp\u00e9cialis\u00e9s pour r\u00e9aliser un chargeur intelligent. ATTENTION cette page ne regroupe que les composants d\u00e9di\u00e9s aux technologies Ni-Cd et Ni-MH. Pour le plomb et le Li-ion voir dans leurs rubriques respectives (onglets ci-dessus). Les circuits pour la gestion des batteries sont aujourd&rsquo;hui nombreux et il est difficile de s&rsquo;y retrouver.En voici quelques uns [&hellip;]<\/p>\n","protected":false},"author":1,"featured_media":0,"parent":0,"menu_order":0,"comment_status":"closed","ping_status":"closed","template":"","meta":{"footnotes":""},"class_list":["post-628","page","type-page","status-publish","hentry"],"_links":{"self":[{"href":"https:\/\/ni-cd.net\/wpnicd\/index.php\/wp-json\/wp\/v2\/pages\/628"}],"collection":[{"href":"https:\/\/ni-cd.net\/wpnicd\/index.php\/wp-json\/wp\/v2\/pages"}],"about":[{"href":"https:\/\/ni-cd.net\/wpnicd\/index.php\/wp-json\/wp\/v2\/types\/page"}],"author":[{"embeddable":true,"href":"https:\/\/ni-cd.net\/wpnicd\/index.php\/wp-json\/wp\/v2\/users\/1"}],"replies":[{"embeddable":true,"href":"https:\/\/ni-cd.net\/wpnicd\/index.php\/wp-json\/wp\/v2\/comments?post=628"}],"version-history":[{"count":24,"href":"https:\/\/ni-cd.net\/wpnicd\/index.php\/wp-json\/wp\/v2\/pages\/628\/revisions"}],"predecessor-version":[{"id":1411,"href":"https:\/\/ni-cd.net\/wpnicd\/index.php\/wp-json\/wp\/v2\/pages\/628\/revisions\/1411"}],"wp:attachment":[{"href":"https:\/\/ni-cd.net\/wpnicd\/index.php\/wp-json\/wp\/v2\/media?parent=628"}],"curies":[{"name":"wp","href":"https:\/\/api.w.org\/{rel}","templated":true}]}}