{"id":590,"date":"2019-11-14T21:37:29","date_gmt":"2019-11-14T21:37:29","guid":{"rendered":"https:\/\/testth.erfred.fr\/?page_id=590"},"modified":"2020-04-14T22:52:05","modified_gmt":"2020-04-14T22:52:05","slug":"dechargeurs","status":"publish","type":"page","link":"https:\/\/ni-cd.net\/wpnicd\/index.php\/dechargeurs\/","title":{"rendered":"D\u00e9chargeurs"},"content":{"rendered":"\n<p style=\"background-color:#0071a1\" class=\"has-text-color has-background has-very-light-gray-color\"><strong>Les d\u00e9chargeurs pour vos accus  <\/strong><\/p>\n\n\n\n<p><strong>Le  principe du d\u00e9chargeur : <\/strong>Une simple charge, r\u00e9sistance de puissance ou ampoule, avec une surveillance de la tension  de d\u00e9charge pour arr\u00eater avant d&rsquo;atteindre 1 Volt par \u00e9l\u00e9ments. L&rsquo;id\u00e9al  \u00e9tant de passer par un r\u00e9gulateur de courant, qui permettra, en chronom\u00e9trant la d\u00e9charge,           de d\u00e9terminer la capacit\u00e9 d\u00e9charg\u00e9e.<em>Le probl\u00e8me est de pouvoir arr\u00eater la charge au bon moment.<\/em> Il existe plusieurs solutions d\u2019arr\u00eats automatiques dans des d\u00e9chargeurs plus ou moins complexes comme ci-dessous,           mais trouver une solution simple n&rsquo;est pas ais\u00e9e. <br>La solution serait de mettre une diode avec un seuil de 1 Volt en s\u00e9rie avec la charge (ampoule ou r\u00e9sistance).  Mais les diodes font 0,6V et cette tension est un peu trop faible pour l&rsquo;accu.<br>Et puis je me suis souvenu de mes cours d&rsquo;\u00e9lectronique d&rsquo;il y a quelques ann\u00e9es :<br><strong>La diode au germanium seuil 0,2V<\/strong>. Si on met deux de ces diodes en s\u00e9rie avec une diode silicium, \u00e7a fait<br><strong>0,2 + 0,2 + 0,6 = 1 Volt<\/strong>. Pile poil.<br>Sauf que trouver aujourd&rsquo;hui une diode germanium n&rsquo;est pas ais\u00e9,           surtout une diode qui laisse passer un courant de d\u00e9charge somme toute loin des petits signaux. <br>La seule chose que j&rsquo;ai trouver aujourd&rsquo;hui est une diode \u00e0  faible seuil (0,35V) STPS15 chez Selectronic (Cde 33.1044). Si vous connaissez un endroit o\u00f9 on trouve des diodes  germanium passant 1 \u00e0 3 A mini faites le savoir. Merci <\/p>\n\n\n\n<p><\/p>\n\n\n\n<p style=\"background-color:#0071a1\" class=\"has-text-color has-background has-very-light-gray-color\"><strong>Des montages et des sch\u00e9mas de d\u00e9chargeurs<\/strong><\/p>\n\n\n\n<p><strong>Un d\u00e9chargeur simple avec coupure automatique <\/strong>de la d\u00e9charge <br>paru dans la revue Looping n\u00b061 f\u00e9vrier-mars 2000 <br><em>Ce montage m&rsquo;a \u00e9t\u00e9 transmis par Pascal Rizzo qui a rajout\u00e9 les photos de sa r\u00e9alisation.<\/em>.<br><a href=\"\/nicddownload\/Dechargeur--.pdf\">dechargeur.pdf<\/a>  (1012 Ko)<\/p>\n\n\n\n<p><strong>Un petit d\u00e9chargeur tr\u00e8s tr\u00e8s simple propos\u00e9 par Papito.<\/strong> <br>Il prot\u00e8ge vos accus gr\u00e2ce \u00e0 une coupure automatique bas\u00e9e sur des diodes Zener.<br><a href=\"\/nicddownload\/DechargeurPapito.pdf\">D\u00e9chargeur \u00e0 Diode Zener<\/a> (48Ko). <\/p>\n\n\n\n<p><strong>Un banc d&rsquo;\u00e9quilibrage pour vos packs Ni-MH propos\u00e9 par Jean-Louis Vivrat.<\/strong> <br>Ce banc permet de d\u00e9charger individuellement chacun   des \u00e9l\u00e9ments de votre pack. Jusqu&rsquo;\u00e0 8 \u00e9l\u00e9ments \u00e9quilibr\u00e9s  simultan\u00e9ment. L&rsquo;id\u00e9al est de pr\u00e9-\u00e9quiper vos pack  d&rsquo;un connecteur  d&rsquo;\u00e9quilibrage, comme pour les Li-po. Le dossier est  complet avec les  Typons. <br>Merci \u00e0 jean-Louis.<br>                     <a href=\"\/nicddownload\/Equilibreur_Ni-MH.zip\">Equilibreur Ni-MH<\/a> (1203Ko).  <\/p>\n\n\n\n<p style=\"background-color:#0071a1\" class=\"has-text-color has-background has-very-light-gray-color\">Des liens vers d&rsquo;autres d\u00e9chargeurs sur le web<\/p>\n\n\n\n<p><strong><a href=\"http:\/\/jean.francois.pion.free.fr\/\">Un d\u00e9chargeur simple<\/a>  <\/strong> et efficace en composants discrets avec sch\u00e9mas et implantations .<br><a href=\"http:\/\/jean.francois.pion.free.fr\/\"> http:\/\/jean.francois.pion.free.fr\/<\/a> <\/p>\n\n\n\n<p><strong><a href=\"http:\/\/www.legallou.com\/Modelisme-Tech\/IndexTechnique.html#dechargeur\">Plusieurs d\u00e9chargeurs<\/a>  <\/strong>propos\u00e9s par Legallou. Chargeur \u00e0 arret automatique, ou chargeur  \u00e9l\u00e9ment par \u00e9l\u00e9ment  pour le r\u00e9\u00e9quilibrage de vos  packs :<br><a href=\"http:\/\/www.legallou.com\/Modelisme-Tech\/IndexTechnique.html#dechargeur\"> http:\/\/www.legallou.com\/Modelisme-Tech\/IndexTechnique.html#dechargeur<\/a> <\/p>\n\n\n\n<p><strong><a href=\"http:\/\/lacompagnieduz.free.fr\/index.php?n=Technique.DechargeurReglable\">Un d\u00e9chargeur pour 4 \u00e9l\u00e9ments individuels<\/a>  <\/strong>  propos\u00e9s par Damien GERANTON. en fait ce sont 4 d\u00e9chargeurs   individuels dont on peut r\u00e9gler le seuil de la tension d&rsquo;arr\u00eat de   d\u00e9charge : La page est un Wiki donc \u00e9volutive, vous  pouvez y  proposer vos remarques et vos annotations.<br><a href=\"http:\/\/lacompagnieduz.free.fr\/index.php?n=Technique.DechargeurReglable\"> http:\/\/lacompagnieduz.free.fr\/index.php?n=Technique.DechargeurReglable<\/a> <br><\/p>\n\n\n\n<h4 class=\"has-text-align-right wp-block-heading\"><a href=\"\/wpnicd\/index.php\/accessoires-divers\/\"><br><br>La suite &gt;&gt;&gt;<\/a><\/h4>\n","protected":false},"excerpt":{"rendered":"<p>Les d\u00e9chargeurs pour vos accus Le principe du d\u00e9chargeur : Une simple charge, r\u00e9sistance de puissance ou ampoule, avec une surveillance de la tension de d\u00e9charge pour arr\u00eater avant d&rsquo;atteindre 1 Volt par \u00e9l\u00e9ments. L&rsquo;id\u00e9al \u00e9tant de passer par un r\u00e9gulateur de courant, qui permettra, en chronom\u00e9trant la d\u00e9charge, de d\u00e9terminer la capacit\u00e9 d\u00e9charg\u00e9e.Le probl\u00e8me [&hellip;]<\/p>\n","protected":false},"author":1,"featured_media":0,"parent":0,"menu_order":0,"comment_status":"closed","ping_status":"closed","template":"","meta":{"footnotes":""},"class_list":["post-590","page","type-page","status-publish","hentry"],"_links":{"self":[{"href":"https:\/\/ni-cd.net\/wpnicd\/index.php\/wp-json\/wp\/v2\/pages\/590"}],"collection":[{"href":"https:\/\/ni-cd.net\/wpnicd\/index.php\/wp-json\/wp\/v2\/pages"}],"about":[{"href":"https:\/\/ni-cd.net\/wpnicd\/index.php\/wp-json\/wp\/v2\/types\/page"}],"author":[{"embeddable":true,"href":"https:\/\/ni-cd.net\/wpnicd\/index.php\/wp-json\/wp\/v2\/users\/1"}],"replies":[{"embeddable":true,"href":"https:\/\/ni-cd.net\/wpnicd\/index.php\/wp-json\/wp\/v2\/comments?post=590"}],"version-history":[{"count":10,"href":"https:\/\/ni-cd.net\/wpnicd\/index.php\/wp-json\/wp\/v2\/pages\/590\/revisions"}],"predecessor-version":[{"id":1343,"href":"https:\/\/ni-cd.net\/wpnicd\/index.php\/wp-json\/wp\/v2\/pages\/590\/revisions\/1343"}],"wp:attachment":[{"href":"https:\/\/ni-cd.net\/wpnicd\/index.php\/wp-json\/wp\/v2\/media?parent=590"}],"curies":[{"name":"wp","href":"https:\/\/api.w.org\/{rel}","templated":true}]}}