{"id":521,"date":"2019-11-13T20:27:59","date_gmt":"2019-11-13T20:27:59","guid":{"rendered":"https:\/\/testth.erfred.fr\/?page_id=521"},"modified":"2020-04-13T21:16:58","modified_gmt":"2020-04-13T21:16:58","slug":"tester-vos-aq-au-plomb","status":"publish","type":"page","link":"https:\/\/ni-cd.net\/wpnicd\/index.php\/tester-vos-aq-au-plomb\/","title":{"rendered":"Tester vos AQ au Plomb"},"content":{"rendered":"\n<p style=\"background-color:#0071a1\" class=\"has-text-color has-background has-very-light-gray-color\"> <strong>MESURE CHIMIQUE DE LA CAPACIT\u00c9<\/strong><\/p>\n\n\n\n<p>On peut d\u00e9terminer l&rsquo;\u00e9tat de charge d&rsquo;une batterie \u00e0 \u00e9lectrolyte liquide        au plomb en mesurant la densit\u00e9 de cet \u00e9lectrolyte. <br>A l&rsquo;aide d&rsquo;un p\u00e8se acide on va mesurer le nombre de degr\u00e9s Baum\u00e9 de l&rsquo;acide sulfurique.      <\/p>\n\n\n\n<p style=\"background-color:#0071a1\" class=\"has-text-color has-background has-text-align-center has-very-light-gray-color\"><strong>En dessous de 23 degr\u00e9s Baum\u00e9 (d=1,19) <br>la batterie est d\u00e9charg\u00e9e. <\/strong><\/p>\n\n\n\n<p style=\"background-color:#0071a1\" class=\"has-text-color has-background has-text-align-center has-very-light-gray-color\"><strong>Au dessus de 30 degr\u00e9s Baum\u00e9 (d=1,26) <\/strong><br><strong>on consid\u00e8re qu&rsquo;elle est charg\u00e9e.<\/strong><\/p>\n\n\n\n<p><\/p>\n\n\n\n<p style=\"color:#0071a1\" class=\"has-text-color\">  <strong>      Voici une suite de correspondance pour l&rsquo;acide sulfurique.      <\/strong>  <ul>        <li><font color=\"darkgreen\">32\u00b0 Baum\u00e9  => Densit\u00e9 d&rsquo;H2SO4 =  1,285 <\/font><\/li><font color=\"darkgreen\">        <li>31\u00b0 Baum\u00e9  => Densit\u00e9 d&rsquo;H2SO4 =  1,274 <\/li>        <\/font><li><font color=\"darkgreen\">30\u00b0 Baum\u00e9  => Densit\u00e9 d&rsquo;H2SO4 =  1,262 <\/font><\/li>        <li><font color=\"darkorange\">29\u00b0 Baum\u00e9  => Densit\u00e9 d&rsquo;H2SO4 =  1,252 <\/font><\/li><font color=\"darkorange\">        <li>28\u00b0 Baum\u00e9  => Densit\u00e9 d&rsquo;H2SO4 =  1,241 <\/li>        <li>27\u00b0 Baum\u00e9  => Densit\u00e9 d&rsquo;H2SO4 =  1,230 <\/li>        <li>26\u00b0 Baum\u00e9  => Densit\u00e9 d&rsquo;H2SO4 =  1,220  <\/li>        <li>25\u00b0 Baum\u00e9  => Densit\u00e9 d&rsquo;H2SO4 =  1,210 <\/li>        <li>24\u00b0 Baum\u00e9  => Densit\u00e9 d&rsquo;H2SO4 =  1,200 <\/li>        <\/font><li><font color=\"darkorange\">23\u00b0 Baum\u00e9  => Densit\u00e9 d&rsquo;H2SO4 =  1,190 <\/font><\/li>        <li><font color=\"red\">22\u00b0 Baum\u00e9  => Densit\u00e9 d&rsquo;H2SO4 =  1,180 <\/font><\/li><font color=\"red\">        <li>21\u00b0 Baum\u00e9  => Densit\u00e9 d&rsquo;H2SO4 =  1,170 <\/li>        <li>20\u00b0 Baum\u00e9  => Densit\u00e9 d&rsquo;H2SO4 =  1,161 <\/li>        <li>19\u00b0 Baum\u00e9  => Densit\u00e9 d&rsquo;H2SO4 =  1,152  <\/li>        <li>18\u00b0 Baum\u00e9  => Densit\u00e9 d&rsquo;H2SO4 =  1,143  <\/li>        <li>17\u00b0 Baum\u00e9  => Densit\u00e9 d&rsquo;H2SO4 =  1,134 <\/li>        <li>16\u00b0 Baum\u00e9  => Densit\u00e9 d&rsquo;H2SO4 =  1,125 <\/li>        <li>15\u00b0 Baum\u00e9  => Densit\u00e9 d&rsquo;H2SO4 =  1,116  <\/li>        <li>14\u00b0 Baum\u00e9  => Densit\u00e9 d&rsquo;H2SO4 =  1,107 <\/li>        <\/font><li><font color=\"red\">13\u00b0 Baum\u00e9  => Densit\u00e9 d&rsquo;H2SO4 =  1,099 <\/font><\/li>        <\/ul>    <br><\/p>\n\n\n\n<h4 class=\"has-text-align-right wp-block-heading\"><br><a href=\"\/wpnicd\/index.php\/realisations\/\">La suite >>><\/a><\/h4>\n\n\n\n<p><\/p>\n","protected":false},"excerpt":{"rendered":"<p>MESURE CHIMIQUE DE LA CAPACIT\u00c9 On peut d\u00e9terminer l&rsquo;\u00e9tat de charge d&rsquo;une batterie \u00e0 \u00e9lectrolyte liquide au plomb en mesurant la densit\u00e9 de cet \u00e9lectrolyte. A l&rsquo;aide d&rsquo;un p\u00e8se acide on va mesurer le nombre de degr\u00e9s Baum\u00e9 de l&rsquo;acide sulfurique. En dessous de 23 degr\u00e9s Baum\u00e9 (d=1,19) la batterie est d\u00e9charg\u00e9e. Au dessus de [&hellip;]<\/p>\n","protected":false},"author":1,"featured_media":0,"parent":0,"menu_order":0,"comment_status":"closed","ping_status":"closed","template":"","meta":{"footnotes":""},"class_list":["post-521","page","type-page","status-publish","hentry"],"_links":{"self":[{"href":"https:\/\/ni-cd.net\/wpnicd\/index.php\/wp-json\/wp\/v2\/pages\/521","targetHints":{"allow":["GET"]}}],"collection":[{"href":"https:\/\/ni-cd.net\/wpnicd\/index.php\/wp-json\/wp\/v2\/pages"}],"about":[{"href":"https:\/\/ni-cd.net\/wpnicd\/index.php\/wp-json\/wp\/v2\/types\/page"}],"author":[{"embeddable":true,"href":"https:\/\/ni-cd.net\/wpnicd\/index.php\/wp-json\/wp\/v2\/users\/1"}],"replies":[{"embeddable":true,"href":"https:\/\/ni-cd.net\/wpnicd\/index.php\/wp-json\/wp\/v2\/comments?post=521"}],"version-history":[{"count":3,"href":"https:\/\/ni-cd.net\/wpnicd\/index.php\/wp-json\/wp\/v2\/pages\/521\/revisions"}],"predecessor-version":[{"id":1318,"href":"https:\/\/ni-cd.net\/wpnicd\/index.php\/wp-json\/wp\/v2\/pages\/521\/revisions\/1318"}],"wp:attachment":[{"href":"https:\/\/ni-cd.net\/wpnicd\/index.php\/wp-json\/wp\/v2\/media?parent=521"}],"curies":[{"name":"wp","href":"https:\/\/api.w.org\/{rel}","templated":true}]}}