{"id":519,"date":"2019-11-13T20:22:17","date_gmt":"2019-11-13T20:22:17","guid":{"rendered":"https:\/\/testth.erfred.fr\/?page_id=519"},"modified":"2020-04-13T21:14:31","modified_gmt":"2020-04-13T21:14:31","slug":"tester-vos-accus","status":"publish","type":"page","link":"https:\/\/ni-cd.net\/wpnicd\/index.php\/tester-vos-accus\/","title":{"rendered":"Tester vos accus"},"content":{"rendered":"\n<p>Je vous propose dans cette rubrique <strong>des m\u00e9thodes pour tester vos accus et batteries<\/strong>.<\/p>\n\n\n\n<p style=\"color:#0071a1\" class=\"has-text-color has-text-align-center\"><strong>Comment savoir si ils sont en court circuit, <br>ou conna\u00eetre leur capacit\u00e9 r\u00e9elle ?<\/strong><\/p>\n\n\n\n<p>Il faut savoir qu&rsquo;il existe sur le march\u00e9 des appareils de tests tr\u00e8s \u00e9volu\u00e9s, malheureusement r\u00e9serv\u00e9s aux professionnels, qui permettent de tout conna\u00eetre sur l&rsquo;\u00e9tat de vos accus.  Comme la plupart d&rsquo;entre nous n&rsquo;ont pas les moyens de se payer ce genre de mat\u00e9riels vous trouverez dans ces pages les m\u00e9thodes fiables qui vous permettront d&rsquo;arriver au m\u00eame r\u00e9sultat mais en y passant beaucoup plus de temps. <\/p>\n\n\n\n<ul class=\"wp-block-list\"><li><strong><a href=\"\/wpnicd\/index.php\/generalites\/\">Des g\u00e9n\u00e9ralit\u00e9s sur la r\u00e9alisation de tests d&rsquo;accus.<\/a><\/strong><br>La mesure de la capacit\u00e9 et de la r\u00e9sistance interne suit des principes tr\u00e8s simples.<br><\/li><li><strong><a href=\"\/wpnicd\/index.php\/testez-vos-elements-au-nickel\/\">Tester des accus au Nickel <\/a><\/strong><br>Quelques m\u00e9thodes particuli\u00e8res pour les accus au Nickel.<br><\/li><li><strong><a href=\"\/wpnicd\/index.php\/tester-vos-aq-au-plomb\/\">Tester des batteries au Plomb <\/a><\/strong><br>Le niveau de charge d&rsquo;une batterie au plomb ouverte peut se mesurer chimiquement en \u00ab\u00a0pesant\u00a0\u00bb le degr\u00e9 de Baum\u00e9 de l&rsquo;\u00e9lectrolyte.<br><br><br><\/li><\/ul>\n\n\n\n<h4 class=\"has-text-align-right wp-block-heading\"><a href=\"\/wpnicd\/index.php\/generalites\/\">La suite >>><\/a><\/h4>\n","protected":false},"excerpt":{"rendered":"<p>Je vous propose dans cette rubrique des m\u00e9thodes pour tester vos accus et batteries. Comment savoir si ils sont en court circuit, ou conna\u00eetre leur capacit\u00e9 r\u00e9elle ? Il faut savoir qu&rsquo;il existe sur le march\u00e9 des appareils de tests tr\u00e8s \u00e9volu\u00e9s, malheureusement r\u00e9serv\u00e9s aux professionnels, qui permettent de tout conna\u00eetre sur l&rsquo;\u00e9tat de vos [&hellip;]<\/p>\n","protected":false},"author":1,"featured_media":0,"parent":0,"menu_order":0,"comment_status":"closed","ping_status":"closed","template":"","meta":{"footnotes":""},"class_list":["post-519","page","type-page","status-publish","hentry"],"_links":{"self":[{"href":"https:\/\/ni-cd.net\/wpnicd\/index.php\/wp-json\/wp\/v2\/pages\/519"}],"collection":[{"href":"https:\/\/ni-cd.net\/wpnicd\/index.php\/wp-json\/wp\/v2\/pages"}],"about":[{"href":"https:\/\/ni-cd.net\/wpnicd\/index.php\/wp-json\/wp\/v2\/types\/page"}],"author":[{"embeddable":true,"href":"https:\/\/ni-cd.net\/wpnicd\/index.php\/wp-json\/wp\/v2\/users\/1"}],"replies":[{"embeddable":true,"href":"https:\/\/ni-cd.net\/wpnicd\/index.php\/wp-json\/wp\/v2\/comments?post=519"}],"version-history":[{"count":5,"href":"https:\/\/ni-cd.net\/wpnicd\/index.php\/wp-json\/wp\/v2\/pages\/519\/revisions"}],"predecessor-version":[{"id":1315,"href":"https:\/\/ni-cd.net\/wpnicd\/index.php\/wp-json\/wp\/v2\/pages\/519\/revisions\/1315"}],"wp:attachment":[{"href":"https:\/\/ni-cd.net\/wpnicd\/index.php\/wp-json\/wp\/v2\/media?parent=519"}],"curies":[{"name":"wp","href":"https:\/\/api.w.org\/{rel}","templated":true}]}}