{"id":505,"date":"2019-11-13T17:35:02","date_gmt":"2019-11-13T17:35:02","guid":{"rendered":"https:\/\/testth.erfred.fr\/?page_id=505"},"modified":"2020-04-16T06:50:57","modified_gmt":"2020-04-16T06:50:57","slug":"la-capacite-de-vos-accus","status":"publish","type":"page","link":"https:\/\/ni-cd.net\/wpnicd\/index.php\/la-capacite-de-vos-accus\/","title":{"rendered":"La Capacit\u00e9 de vos accus"},"content":{"rendered":"\n<h4 class=\"has-text-color has-text-align-center wp-block-heading\" style=\"color:#0071a1\">Quelle est vraiment la capacit\u00e9 <br>de votre accu au Nickel???     <\/h4>\n\n\n\n<p><em>Lors d&rsquo;\u00e9changes dans le forum du site, nous nous sommes pos\u00e9 la question suivante : <\/em><\/p>\n\n\n\n<p style=\"background-color:#0071a1\" class=\"has-text-color has-background has-very-light-gray-color\"><strong>Quel cr\u00e9dit peut-on apporter \u00e0 la valeur de la capacit\u00e9 affich\u00e9e par le fabricant d&rsquo;un accu ???<\/strong><\/p>\n\n\n\n<p>La capacit\u00e9 est la quantit\u00e9 d&rsquo;\u00e9lectricit\u00e9 (mesur\u00e9e en mAh) que votre accu charg\u00e9 est capable de restituer.<br>Il est exact que pour un m\u00eame accu cette valeur est essentiellement variable en fonction des conditions dans lesquelles on va effectuer cette \u00ab\u00a0mesure\u00a0\u00bb. <br>Vous pouvez vous en rendre compte vous m\u00eame&#8230;<br>Donc si c&rsquo;est difficile \u00e0 d\u00e9terminer pour nous, comment font les fabricants pour garantir une certaine capacit\u00e9, et que vaut r\u00e9ellement cette capacit\u00e9 ???<\/p>\n\n\n\n<p>J&rsquo;ai donc d\u00e9cid\u00e9 de me lancer dans une petite enqu\u00eate aupr\u00e8s des constructeurs d&rsquo;accus, pour savoir comment ils d\u00e9terminaient la valeur de la capacit\u00e9 de leurs \u00e9l\u00e9ments.<br>J&rsquo;ai pris mon clavier et j&rsquo;ai fait des mails \u00e0 13 fabricants des plus connus. Allaient-ils r\u00e9pondre ?<\/p>\n\n\n\n<p>Et bien surprise ! Oui j&rsquo;ai eu des r\u00e9ponses. Mais seulement 7 sur les 13.<br>Donc je me permet de citer ces marques en les remerciant pour leurs r\u00e9ponses :<br><strong>SANYO<\/strong>, <strong>VARTA<\/strong>, <strong>ENERGIZER<\/strong>, <strong>MICROBAT<\/strong>, <strong>ANSMANN<\/strong> et, avec mention sp\u00e9ciale pour la qualit\u00e9 du contact et des informations fournies, <strong>SAFT<\/strong> et <strong>UNIROSS<\/strong>.<br>Pour les autres, soit ils n&rsquo;ont pas daign\u00e9 r\u00e9pondre, soit ils n&rsquo;osent pas afficher des conditions de test un peu limite,  car, cher amis, <strong>tout ceci est encadr\u00e9 par une norme<\/strong>, je viens de le d\u00e9couvrir, il n&rsquo;est jamais trop tard !!!<\/p>\n\n\n\n<p>Il existe donc 2 textes (normes) internationaux :<br><strong>CEI 61951-1<\/strong> (traduite en Europe EN 61951-1 et en France NF EN 61951-1) pour le <strong>Ni-Cd <\/strong> <br>&amp;<br><strong>CEI 61951-2<\/strong> (traduite en Europe EN 61951-2 et en France NF EN 61951-2) pour le <strong>Ni-MH.<\/strong><br>qui fixent certaines des r\u00e8gles r\u00e9gisant les tests et la commercialisation des accus.<br>Ces r\u00e8gles ont \u00e9t\u00e9 \u00e9dict\u00e9es en 2001 et sont applicables en France depuis le 05\/02\/2002. <\/p>\n\n\n\n<p style=\"color:#0071a1\" class=\"has-text-color\">Au niveau donc de la Capacit\u00e9, il ressort de ces documents que le fabricant doit indiquer sur l&rsquo;accu la valeur de <strong><em>la \u00ab\u00a0capacit\u00e9 assign\u00e9e\u00a0\u00bb<\/em><\/strong>.<\/p>\n\n\n\n<p class=\"has-small-font-size\"><em><span class=\"has-inline-color has-vivid-red-color\">Attention les donn\u00e9es ci-dessous sont celles \u00e0 l&rsquo;origine des normes. Celles-ci ont \u00e9t\u00e9 depuis l\u00e9g\u00e8rement r\u00e9vis\u00e9es, et n&rsquo;ayant pas les moyens de me les acheter personnellement je n&rsquo;ai pas pu en v\u00e9rifier les \u00e9volutions. Si une bonne \u00e2me passe par ici je suis preneur des nouveaux textes ! Malgr\u00e9 tout je ne pense pas que le fond du texte ai \u00e9t\u00e9 remis si profond\u00e9ment en question !<\/span><\/em><\/p>\n\n\n\n<p>Capacit\u00e9 assign\u00e9e d\u00e9finie au paragraphe 1.3.8 : <em>\\\u00a0\u00bbQuantit\u00e9  d&rsquo;\u00e9lectricit\u00e9 C5Ah (amp\u00e8res-heures) indiqu\u00e9e par le fabricant,  qu&rsquo;un \u00e9l\u00e9ment individuel est capable de fournir au r\u00e9gime de  d\u00e9charge de r\u00e9f\u00e9rence de 0,2 It A  jusqu&rsquo;\u00e0 une tension finale de 1,0V \u00e0 +20\u00b0C apr\u00e8s charge, repos  et d\u00e9charge, dans les conditions sp\u00e9cifi\u00e9es \u00e0 l&rsquo;article 4&Prime;.<\/em><\/p>\n\n\n\n<p>L&rsquo;article 4 fixe donc les conditions des essais \u00e9lectriques :  <br><strong>La charge<\/strong> pour tous les essais doit \u00eatre effectu\u00e9e \u00e0 <strong>+20\u00b0C<\/strong> +\/-5\u00b0C \u00e0 un <strong>courant constant<\/strong> au taux de <strong>1\/10\u00e8me<\/strong> de la capacit\u00e9  pendant <strong>16h<\/strong>, l&rsquo;\u00e9l\u00e9ment ayant \u00e9t\u00e9 au pr\u00e9alable d\u00e9charg\u00e9 \u00e0 la m\u00eame temp\u00e9rature \u00e0 0,2In jusqu&rsquo;\u00e0 1,0V. L&rsquo;\u00e9l\u00e9ment doit ensuite \u00eatre mis au <strong>repos au moins 1h et au plus 4h<\/strong>. <br><strong>La d\u00e9charge<\/strong> permettant de mesurer la capacit\u00e9 se fait alors comme vu ci-dessus au taux de 0,2 Cn \u00e0 20\u00b0C +\/-5\u00b0C jusqu&rsquo;\u00e0 la tension finale de 1,0V. <\/p>\n\n\n\n<p>Voil\u00e0 quelque chose qui est parfaitement clair.<br>Pour info parmi les r\u00e9ponses re\u00e7ues des fabricants, SAFT et UNIROSS sont les seuls \u00e0 annoncer appliquer ces normes.<br>Les Cinq autres ont le b\u00e9n\u00e9fice du doute puisqu&rsquo;ils annoncent  mesurer la capacit\u00e9 \u00e0 0,2Cn jusqu&rsquo;\u00e0 1,0V et Ansmann pr\u00e9cise \u00e0 20\u00b0C. Microbat quand a eux annoncent  arr\u00eater la d\u00e9charge \u00e0 1,1V au lieu de 1V. Par contre UNIROSS, ANSMANN, et SAFT disent afficher la capacit\u00e9  typique, qui est le milieu de la courbe de Gauss obtenue par ces mesures et qui est donc diff\u00e9rente de la capacit\u00e9  assign\u00e9e.<\/p>\n\n\n\n<p style=\"background-color:#0071a1\" class=\"has-text-color has-background has-very-light-gray-color\"><strong><em>La capacit\u00e9 assign\u00e9e<\/em><\/strong> est une sorte de capacit\u00e9 minimale garantie. <br><strong><em>La capacit\u00e9 typique<\/em><\/strong> est une capacit\u00e9 moyenne constat\u00e9e un peu sup\u00e9rieure \u00e0 la capacit\u00e9 assign\u00e9e.<\/p>\n\n\n\n<p>Vous savez maintenant tous comment faire pour v\u00e9rifier si la  capacit\u00e9 annonc\u00e9e de vos accus correspond bien \u00e0 la r\u00e9alit\u00e9.  Pour info Digital Power premier fabricant contact\u00e9, car le doute de d\u00e9part venait de ses 2300mAh, n&rsquo;a pas  r\u00e9pondu \u00e0 la question. <\/p>\n\n\n\n<p style=\"background-color:#0071a1\" class=\"has-text-color has-background has-very-light-gray-color\"><strong>Maintenant attention : <\/strong><\/p>\n\n\n\n<p>La proc\u00e9dure cit\u00e9e ci-dessus ne vaut que pour la capacit\u00e9 assign\u00e9e.         C&rsquo;est une valeur qui vous permet de comparer la capacit\u00e9 de votre accu  avec ce qu&rsquo;affiche le fabricant.  Elle vous permettra de voir \u00e9voluer le vieillissement de vos \u00e9l\u00e9ments dans le temps par exemple. <br>Si vous voulez conna\u00eetre la capacit\u00e9 de votre accus dans vos conditions d&rsquo;utilisation  (qui seront certainement diff\u00e9rentes de celles de la norme), il vous faut alors modifier cette proc\u00e9dure en fonction de votre besoin. <\/p>\n\n\n\n<ul class=\"wp-block-list\"><li>Si par exemple votre utilisation consomme  3A. Vous gardez les m\u00eames conditions de charge et vous d\u00e9chargez \u00e0 3A. Cela vous permet de v\u00e9rifier l&rsquo;influence d&rsquo;un plus gros d\u00e9bit de courant sur la capacit\u00e9 r\u00e9elle de l&rsquo;accu.<\/li><li> Si par exemple vous \u00eates press\u00e9 et que vous chargez en 1h. Vous gardez les conditions de d\u00e9charge de la norme et vous faites la charge en 1h (vous pouvez m\u00eame supprimer le temps de repos pour voir). Cela vous permettra         de mesurer l&rsquo;influence d&rsquo;une charge plus rapide sur la capacit\u00e9 de l&rsquo;accu. <\/li><\/ul>\n\n\n\n<p>Maintenant si vous \u00eates press\u00e9s \u00e0 la charge et que vous  d\u00e9chargez \u00e0 forts courants, et bien faites les tests pr\u00e9c\u00e9dents plus un test dans vos conditions r\u00e9elles de  fonctionnement. L\u00e0 aussi vous pourrez comparer les r\u00e9sultats. <\/p>\n\n\n\n<p>Une derni\u00e8re petite remarque, apparemment si vous avez besoin de  d\u00e9charger avec des pointes de courant importantes,  il vaut mieux recharger vos \u00e9l\u00e9ments aussi \u00e0 fort courant (1C).  Cela permet de minimiser un peu la r\u00e9sistance interne de l&rsquo;\u00e9l\u00e9ment, mais en contre partie la dur\u00e9e de vie de l&rsquo;accu sera elle aussi  un peu minimis\u00e9e&#8230;. <\/p>\n\n\n\n<p style=\"color:#0071a1\" class=\"has-text-color\"><strong>A vos tests&#8230;  <\/strong><\/p>\n\n\n\n<h4 class=\"has-text-align-right wp-block-heading\"><br><a href=\"\/wpnicd\/index.php\/delta-peak\/\">La suite &gt;&gt;&gt;<\/a><\/h4>\n\n\n\n<p><br><br><\/p>\n","protected":false},"excerpt":{"rendered":"<p>Quelle est vraiment la capacit\u00e9 de votre accu au Nickel??? Lors d&rsquo;\u00e9changes dans le forum du site, nous nous sommes pos\u00e9 la question suivante : Quel cr\u00e9dit peut-on apporter \u00e0 la valeur de la capacit\u00e9 affich\u00e9e par le fabricant d&rsquo;un accu ??? La capacit\u00e9 est la quantit\u00e9 d&rsquo;\u00e9lectricit\u00e9 (mesur\u00e9e en mAh) que votre accu charg\u00e9 [&hellip;]<\/p>\n","protected":false},"author":1,"featured_media":0,"parent":0,"menu_order":0,"comment_status":"closed","ping_status":"closed","template":"","meta":{"footnotes":""},"class_list":["post-505","page","type-page","status-publish","hentry"],"_links":{"self":[{"href":"https:\/\/ni-cd.net\/wpnicd\/index.php\/wp-json\/wp\/v2\/pages\/505"}],"collection":[{"href":"https:\/\/ni-cd.net\/wpnicd\/index.php\/wp-json\/wp\/v2\/pages"}],"about":[{"href":"https:\/\/ni-cd.net\/wpnicd\/index.php\/wp-json\/wp\/v2\/types\/page"}],"author":[{"embeddable":true,"href":"https:\/\/ni-cd.net\/wpnicd\/index.php\/wp-json\/wp\/v2\/users\/1"}],"replies":[{"embeddable":true,"href":"https:\/\/ni-cd.net\/wpnicd\/index.php\/wp-json\/wp\/v2\/comments?post=505"}],"version-history":[{"count":5,"href":"https:\/\/ni-cd.net\/wpnicd\/index.php\/wp-json\/wp\/v2\/pages\/505\/revisions"}],"predecessor-version":[{"id":1352,"href":"https:\/\/ni-cd.net\/wpnicd\/index.php\/wp-json\/wp\/v2\/pages\/505\/revisions\/1352"}],"wp:attachment":[{"href":"https:\/\/ni-cd.net\/wpnicd\/index.php\/wp-json\/wp\/v2\/media?parent=505"}],"curies":[{"name":"wp","href":"https:\/\/api.w.org\/{rel}","templated":true}]}}