{"id":464,"date":"2019-11-11T23:11:08","date_gmt":"2019-11-11T23:11:08","guid":{"rendered":"https:\/\/testth.erfred.fr\/?page_id=464"},"modified":"2020-08-25T21:21:46","modified_gmt":"2020-08-25T21:21:46","slug":"theories-des-piles-alcalines","status":"publish","type":"page","link":"https:\/\/ni-cd.net\/wpnicd\/index.php\/theories-des-piles-alcalines\/","title":{"rendered":"Recharger des piles Alcalines"},"content":{"rendered":"\n<p class=\"has-text-align-center has-text-color\" style=\"color:#0071a1\"><strong><em>Ceci reste malgr\u00e9 tout anecdotique et aujourd&rsquo;hui totalement d\u00e9pass\u00e9, mais je conserve cette page pour l&rsquo;histoire. <\/em><\/strong><\/p>\n\n\n\n<p><br>En fait, les piles Alcalines classiques seraient \u00ab\u00a0rechargeables\u00a0\u00bb&#8230;. !!!!!<br> <em>Je pr\u00e9f\u00e8re quand m\u00eame le terme de r\u00e9g\u00e9n\u00e9rables \u00e0 celui de rechargeables. <\/em> Cette \u00ab\u00a0recharge\u00a0\u00bb de piles a la f\u00e2cheuse r\u00e9putation de ne pas tenir ses promesses et de ne &lsquo;recharger&rsquo; en fait au mieux qu&rsquo;une dizaine de fois en pratique. <br>Mais on voit ici et l\u00e0 des syst\u00e8mes sens\u00e9s permettre de recharger les piles alcalines classiques. Je vous avoue que personnellement je n&rsquo;ai jamais cru \u00e0 ce genre de chargeurs. <\/p>\n\n\n\n<p class=\"has-text-align-center has-text-color\" style=\"color:#0071a1\"><strong><em>Recharger des piles, qui par d\u00e9finition ne sont pas rechargeables  &#8230;.            <br> Quelle dr\u00f4le de lubie !!!! <\/em><\/strong><\/p>\n\n\n\n<p class=\"has-text-align-center\">Et oui, sauf que depuis le 21 janvier 2005, <br><strong>je suis bien oblig\u00e9 de me faire une raison : c&rsquo;est parfaitement r\u00e9aliste.<\/strong><\/p>\n\n\n\n<p>Vous trouverez dans <a href=\"http:\/\/ni-cd.net\/nicddownload\/Recharger_des_Piles_Alcalines.pdf\">ce document<\/a> , toutes les explications sur le caract\u00e8re rechargeable des piles alcalines&#8230;  En fait il parle bien de <strong>\u00ab\u00a0Reversibilit\u00e9 partielle\u00a0\u00bb <\/strong>et non de recharge.<br>Ce document vient de m&rsquo;\u00eatre envoy\u00e9 par B. de Batz, que je ne remercierais jamais assez de ce don&#8230;  Non non je n&rsquo;exag\u00e8re pas, pour mon site, <a href=\"http:\/\/ni-cd.net\/nicddownload\/Recharger_des_Piles_Alcalines.pdf\">ce document<\/a>  est une nouvelle pierre angulaire de taille. Il provient de la soci\u00e9t\u00e9 Wonder et date des ann\u00e9es fin 80.  <br>Il explique les conditions qui permettent de \u00ab\u00a0recharger\u00a0\u00bb une pile alcaline classique (au Bioxyde de Mangan\u00e8se). <\/p>\n\n\n\n<ul class=\"wp-block-list\"><li>Tension de charge limit\u00e9e \u00e0 1,7 Volts, <\/li><li>courant de charge limit\u00e9 \u00e0 C\/15 <\/li><li>Temps de charge d&rsquo;environ 10 heures  <\/li><li>Tension minimum de d\u00e9charge \u00e0 1,25V ( Si on passe en dessous on ne peut plus recharger \u00e0 fond). <\/li><\/ul>\n\n\n\n<div class=\"wp-block-image\"><figure class=\"alignleft size-large\"><img loading=\"lazy\" decoding=\"async\" width=\"34\" height=\"36\" src=\"https:\/\/ni-cd.net\/wpnicd\/wp-content\/uploads\/2019\/11\/Icopdf-1.gif\" alt=\"\" class=\"wp-image-645\"\/><\/figure><\/div>\n\n\n\n<p><strong><a href=\"http:\/\/ni-cd.net\/nicddownload\/Recharger_des_Piles_Alcalines.pdf\">Wonder<\/a><\/strong><a href=\"http:\/\/ni-cd.net\/nicddownload\/Recharger_des_Piles_Alcalines.pdf\"> ~1985  <br> Caract\u00e9rist. g\u00e9n\u00e9rales des piles alcalines au mangan\u00e8se.<\/a>                  Voila, il n&rsquo;y a que les idiots qui ne changent pas d&rsquo;avis, mais l\u00e0 je suis sur le c.. .  Ce que je ne comprends pas c&rsquo;est que cette info n&rsquo;ai jamais \u00e9t\u00e9 diffus\u00e9e \u00e0 beaucoup plus grande \u00e9chelle.  Enfin, je vous laisse d\u00e9couvrir <a href=\"http:\/\/ni-cd.net\/nicddownload\/Recharger_des_Piles_Alcalines.pdf\">ce document <\/a> qui date un peu, vous pourrez le constater, mais qui explique beaucoup de choses. <br><strong><em>ON NOUS AURAIT MENTIT ?????<\/em><\/strong><\/p>\n\n\n\n<p class=\"has-very-light-gray-color has-text-color has-background\" style=\"background-color:#0071a1\"><strong> Les chargeurs<\/strong><\/p>\n\n\n\n<p>On peut toujours tenter la mise au point d&rsquo;un petit chargeur,  avec un ou deux LM317 ou quelques transistors \u00e7a doit le faire  parfaitement&#8230;            <\/p>\n\n\n\n<p>Il y a un chargeur pour piles qui a exist\u00e9 il y a quelques ann\u00e9es, mod\u00e8le K200 r\u00e9f 50.2010 de chez feu Selectronic.<br><a href=\"http:\/\/ni-cd.net\/nicddownload\/Chargeur piles et accus K200.pdf\">T\u00e9l\u00e9chargez la doc de ce chargeur<\/a>  (270Ko). <\/p>\n\n\n\n<p>Le  <a href=\"http:\/\/ni-cd.net\/nicddownload\/Elector_D\u00e9c_96_Recharge_Alcalines.pdf\">magazine Elektor<\/a>  dans son num\u00e9ro de d\u00e9cembre 1996 avait \u00e9dit\u00e9 un article qui d\u00e9crit la  r\u00e9alisation d&rsquo;un \u00ab\u00a0R\u00e9g\u00e9n\u00e9rateur pour piles alcalines\u00a0\u00bb. Malheureusement ils  ne m&rsquo;ont pas donn\u00e9 l&rsquo;autorisation \u00e0 publier cet article,  et il n&rsquo;est pas disponible sur leur site. Vous pouvez  toujours le leur demander.<\/p>\n\n\n\n<h4 class=\"has-text-align-right wp-block-heading\"><br><a href=\"\/wpnicd\/index.php\/les-aq-en-pratique\/\">La suite &gt;&gt;&gt;<\/a><\/h4>\n\n\n\n<p><\/p>\n","protected":false},"excerpt":{"rendered":"<p>Ceci reste malgr\u00e9 tout anecdotique et aujourd&rsquo;hui totalement d\u00e9pass\u00e9, mais je conserve cette page pour l&rsquo;histoire. En fait, les piles Alcalines classiques seraient \u00ab\u00a0rechargeables\u00a0\u00bb&#8230;. !!!!! Je pr\u00e9f\u00e8re quand m\u00eame le terme de r\u00e9g\u00e9n\u00e9rables \u00e0 celui de rechargeables. Cette \u00ab\u00a0recharge\u00a0\u00bb de piles a la f\u00e2cheuse r\u00e9putation de ne pas tenir ses promesses et de ne &lsquo;recharger&rsquo; [&hellip;]<\/p>\n","protected":false},"author":1,"featured_media":0,"parent":0,"menu_order":0,"comment_status":"closed","ping_status":"closed","template":"","meta":{"footnotes":""},"class_list":["post-464","page","type-page","status-publish","hentry"],"_links":{"self":[{"href":"https:\/\/ni-cd.net\/wpnicd\/index.php\/wp-json\/wp\/v2\/pages\/464"}],"collection":[{"href":"https:\/\/ni-cd.net\/wpnicd\/index.php\/wp-json\/wp\/v2\/pages"}],"about":[{"href":"https:\/\/ni-cd.net\/wpnicd\/index.php\/wp-json\/wp\/v2\/types\/page"}],"author":[{"embeddable":true,"href":"https:\/\/ni-cd.net\/wpnicd\/index.php\/wp-json\/wp\/v2\/users\/1"}],"replies":[{"embeddable":true,"href":"https:\/\/ni-cd.net\/wpnicd\/index.php\/wp-json\/wp\/v2\/comments?post=464"}],"version-history":[{"count":11,"href":"https:\/\/ni-cd.net\/wpnicd\/index.php\/wp-json\/wp\/v2\/pages\/464\/revisions"}],"predecessor-version":[{"id":1523,"href":"https:\/\/ni-cd.net\/wpnicd\/index.php\/wp-json\/wp\/v2\/pages\/464\/revisions\/1523"}],"wp:attachment":[{"href":"https:\/\/ni-cd.net\/wpnicd\/index.php\/wp-json\/wp\/v2\/media?parent=464"}],"curies":[{"name":"wp","href":"https:\/\/api.w.org\/{rel}","templated":true}]}}