{"id":436,"date":"2019-11-11T16:25:54","date_gmt":"2019-11-11T16:25:54","guid":{"rendered":"https:\/\/testth.erfred.fr\/?page_id=436"},"modified":"2020-08-25T21:20:02","modified_gmt":"2020-08-25T21:20:02","slug":"constitution-des-aq-au-lithium","status":"publish","type":"page","link":"https:\/\/ni-cd.net\/wpnicd\/index.php\/constitution-des-aq-au-lithium\/","title":{"rendered":"Constitution des AQ au Lithium"},"content":{"rendered":"\n<p class=\"has-text-align-center\">C&rsquo;est ici qu&rsquo;on va trouver les plus gros \u00e9carts entre les diff\u00e9rentes technologies des accus au Lithium.<\/p>\n\n\n\n<p class=\"has-text-align-center has-text-color\" style=\"color:#0071a1\"><strong>La constitution des \u00e9l\u00e9ments Li-ion est tr\u00e8s diff\u00e9rente <\/strong><br><strong>de celle des \u00e9l\u00e9ments Li-po.<\/strong><br><\/p>\n\n\n\n<p class=\"has-very-light-gray-color has-text-color has-background\" style=\"background-color:#0071a1\"><strong> La constitution des \u00e9l\u00e9ments au Li-ion<\/strong><\/p>\n\n\n\n<p>Le Lithium-ion se pr\u00e9sente g\u00e9n\u00e9ralement de fa\u00e7on assez ressemblante aux accus au Nickel. L&rsquo;accu est encapsul\u00e9 dans un bo\u00eetier cylindrique ou prismatique rigide comme ci-dessous. Par contre la dimension des bo\u00eetiers est diff\u00e9rente de celle des accus au Nickel, pour des raisons d&rsquo;incompatibilit\u00e9 de tension entre les deux technos.<\/p>\n\n\n\n<div class=\"wp-block-image\"><figure class=\"alignleft size-large is-resized\"><img loading=\"lazy\" decoding=\"async\" src=\"https:\/\/ni-cd.net\/wpnicd\/wp-content\/uploads\/2019\/11\/const_liion.gif\" alt=\"\" class=\"wp-image-322\" width=\"285\" height=\"327\"\/><\/figure><\/div>\n\n\n\n<figure class=\"wp-block-image size-large\"><img loading=\"lazy\" decoding=\"async\" width=\"251\" height=\"266\" src=\"https:\/\/ni-cd.net\/wpnicd\/wp-content\/uploads\/2019\/11\/const_liion2-1.gif\" alt=\"\" class=\"wp-image-391\"\/><\/figure>\n\n\n\n<p>  Vous trouverez rarement dans le commerce des \u00e9l\u00e9ments Li-ion au d\u00e9tail.  Cette technologie \u00e9tant potentiellement dangereuse (risque d&rsquo;explosion en cas de mauvaise mise en \u0153uvre) les \u00e9l\u00e9ments sont pratiquement syst\u00e9matiquement int\u00e9gr\u00e9s dans un bo\u00eetier et l&rsquo;ensemble est \u00e9quip\u00e9 d&rsquo;un ou plusieurs circuits \u00e9lectroniques de protection qui garantissent votre s\u00e9curit\u00e9. C&rsquo;est le cas par exemple des batteries de PC portables, ou celles des appareil photo num\u00e9riques et autres cam\u00e9scopes.<br><\/p>\n\n\n\n<p class=\"has-very-light-gray-color has-text-color has-background\" style=\"background-color:#0071a1\"><strong> Le circuit \u00e9lectronique de protection interne<\/strong><\/p>\n\n\n\n<p>Pour pr\u00e9server les utilisateurs du moindre risque, les fabricants de packs d&rsquo;accumulateurs au Li-ion ins\u00e8rent un circuit \u00e9lectronique de protection dans leurs batteries.<\/p>\n\n\n\n<p>Ce circuit comporte g\u00e9n\u00e9ralement plusieurs \u00e9l\u00e9ments :<\/p>\n\n\n\n<div class=\"wp-block-image\"><figure class=\"alignright size-large\"><img loading=\"lazy\" decoding=\"async\" width=\"137\" height=\"86\" src=\"https:\/\/ni-cd.net\/wpnicd\/wp-content\/uploads\/2019\/11\/protection03.jpg\" alt=\"\" class=\"wp-image-350\"\/><\/figure><\/div>\n\n\n\n<ul class=\"wp-block-list\"><li>Un transistor qui coupe la charge si la tension de charge est sup\u00e9rieure \u00e0 4,3V.<\/li><li>Un fusible thermique qui grille si la temp\u00e9rature approche 90\u00b0C<\/li><li>Un interrupteur \u00e0 pression qui interrompt d\u00e9finitivement le courant de charge si la pression interne monte trop.<\/li><li> Plusieurs circuits qui surveillent les tensions et qui isolent la batterie si les seuils hauts et bas sont atteints.     <\/li><\/ul>\n\n\n\n<p> Je vous renvoie \u00e0 la rubrique &lsquo;conditions d&rsquo;utilisation&rsquo; pour voir ce qui peut arriver lors de mauvaises manips sur des batteries non prot\u00e9g\u00e9es.           <br><\/p>\n\n\n\n<p class=\"has-very-light-gray-color has-text-color has-background\" style=\"background-color:#0071a1\"><strong> La constitution des \u00e9l\u00e9ments au Li-po<\/strong><\/p>\n\n\n\n<div class=\"wp-block-image\"><figure class=\"alignright size-large\"><img loading=\"lazy\" decoding=\"async\" width=\"129\" height=\"118\" src=\"https:\/\/ni-cd.net\/wpnicd\/wp-content\/uploads\/2019\/11\/Lipo2-1.jpg\" alt=\"\" class=\"wp-image-380\"\/><\/figure><\/div>\n\n\n\n<p>Le Lithium-ion Polym\u00e8re se pr\u00e9sente lui d&rsquo;une fa\u00e7on radicalement diff\u00e9rente. L&rsquo;\u00e9lectrolyte de cette technologie \u00e9tant un polym\u00e8re gel, on se retrouve avec des \u00e9l\u00e9ments parfaitement souples, pouvant \u00eatre tr\u00e8s plats et d&rsquo;une \u00e9paisseur tr\u00e8s faible,  ou se pr\u00e9senter un peu comme des &lsquo;sachets&rsquo;.<\/p>\n\n\n\n<div class=\"wp-block-image\"><figure class=\"alignleft size-large\"><img loading=\"lazy\" decoding=\"async\" width=\"187\" height=\"183\" src=\"https:\/\/ni-cd.net\/wpnicd\/wp-content\/uploads\/2019\/11\/Lipo-1.jpg\" alt=\"\" class=\"wp-image-379\"\/><\/figure><\/div>\n\n\n\n<p>Les membranes \u00e9lectrolytiques sont compos\u00e9es d&rsquo;une matrice polym\u00e8re dans laquelle l&rsquo;\u00e9lectrolyte g\u00e9lifi\u00e9 est emprisonn\u00e9. Cela conf\u00e8re \u00e0 l&rsquo;ensemble une grande souplesse. Les grilles collectrices de courant sont en cuivre et aluminium. Au centre la membrane \u00e9lectrolytique s\u00e9pare les deux \u00e9lectrodes positives (en noir) et n\u00e9gative (en vert). <br>De part leur conception ces \u00e9l\u00e9ments ne peuvent donc pas int\u00e9grer de circuit de protection. Si vous assemblez vous m\u00eame vos packs je vous conseille de rajouter ce genre de circuit pour \u00e9viter les probl\u00e8mes. KOKAM par exemple fabrique des petits circuits \u00e9lectroniques pour prot\u00e9ger vos \u00e9l\u00e9ments.<br>   <\/p>\n\n\n\n<p class=\"has-very-light-gray-color has-text-color has-background\" style=\"background-color:#0071a1\"><strong> Pour en savoir plus<\/strong><\/p>\n\n\n\n<ul class=\"wp-block-list\"><li>Le site de Kokam :  <a href=\"http:\/\/www.fmadirect.com\/\"> http:\/\/www.fmadirect.com\/<\/a>  <\/li><li>Le site de Yan Guidon : <a href=\"http:\/\/ygdes.com\/\"> h<\/a><a href=\"http:\/\/ygdes.com\/LiIon\/protection.html\">ttp:\/\/ygdes.com\/ <\/a><\/li><\/ul>\n\n\n\n<p><\/p>\n\n\n\n<h4 class=\"has-text-align-right wp-block-heading\"><a href=\"\/wpnicd\/index.php\/la-charge-des-accus-au-lithium\/\">La suite &gt;&gt;&gt;<\/a><\/h4>\n\n\n\n<p><\/p>\n","protected":false},"excerpt":{"rendered":"<p>C&rsquo;est ici qu&rsquo;on va trouver les plus gros \u00e9carts entre les diff\u00e9rentes technologies des accus au Lithium. La constitution des \u00e9l\u00e9ments Li-ion est tr\u00e8s diff\u00e9rente de celle des \u00e9l\u00e9ments Li-po. La constitution des \u00e9l\u00e9ments au Li-ion Le Lithium-ion se pr\u00e9sente g\u00e9n\u00e9ralement de fa\u00e7on assez ressemblante aux accus au Nickel. L&rsquo;accu est encapsul\u00e9 dans un bo\u00eetier [&hellip;]<\/p>\n","protected":false},"author":1,"featured_media":0,"parent":0,"menu_order":0,"comment_status":"closed","ping_status":"closed","template":"","meta":{"footnotes":""},"class_list":["post-436","page","type-page","status-publish","hentry"],"_links":{"self":[{"href":"https:\/\/ni-cd.net\/wpnicd\/index.php\/wp-json\/wp\/v2\/pages\/436"}],"collection":[{"href":"https:\/\/ni-cd.net\/wpnicd\/index.php\/wp-json\/wp\/v2\/pages"}],"about":[{"href":"https:\/\/ni-cd.net\/wpnicd\/index.php\/wp-json\/wp\/v2\/types\/page"}],"author":[{"embeddable":true,"href":"https:\/\/ni-cd.net\/wpnicd\/index.php\/wp-json\/wp\/v2\/users\/1"}],"replies":[{"embeddable":true,"href":"https:\/\/ni-cd.net\/wpnicd\/index.php\/wp-json\/wp\/v2\/comments?post=436"}],"version-history":[{"count":10,"href":"https:\/\/ni-cd.net\/wpnicd\/index.php\/wp-json\/wp\/v2\/pages\/436\/revisions"}],"predecessor-version":[{"id":1522,"href":"https:\/\/ni-cd.net\/wpnicd\/index.php\/wp-json\/wp\/v2\/pages\/436\/revisions\/1522"}],"wp:attachment":[{"href":"https:\/\/ni-cd.net\/wpnicd\/index.php\/wp-json\/wp\/v2\/media?parent=436"}],"curies":[{"name":"wp","href":"https:\/\/api.w.org\/{rel}","templated":true}]}}