{"id":187,"date":"2019-11-03T18:17:43","date_gmt":"2019-11-03T18:17:43","guid":{"rendered":"https:\/\/testth.erfred.fr\/?page_id=187"},"modified":"2020-05-16T16:39:15","modified_gmt":"2020-05-16T16:39:15","slug":"187-2","status":"publish","type":"page","link":"https:\/\/ni-cd.net\/wpnicd\/","title":{"rendered":"Le monde des accumulateurs et batteries rechargeables"},"content":{"rendered":"\n<div class=\"wp-block-image is-style-default\"><figure class=\"aligncenter size-large\"><img loading=\"lazy\" decoding=\"async\" width=\"800\" height=\"267\" src=\"https:\/\/ni-cd.net\/wpnicd\/wp-content\/uploads\/2020\/05\/logo2020V2_800px.png\" alt=\"\" class=\"wp-image-1368\" srcset=\"https:\/\/ni-cd.net\/wpnicd\/wp-content\/uploads\/2020\/05\/logo2020V2_800px.png 800w, https:\/\/ni-cd.net\/wpnicd\/wp-content\/uploads\/2020\/05\/logo2020V2_800px-600x200.png 600w, https:\/\/ni-cd.net\/wpnicd\/wp-content\/uploads\/2020\/05\/logo2020V2_800px-300x100.png 300w, https:\/\/ni-cd.net\/wpnicd\/wp-content\/uploads\/2020\/05\/logo2020V2_800px-768x256.png 768w\" sizes=\"(max-width: 800px) 100vw, 800px\" \/><\/figure><\/div>\n\n\n\n<p><strong>Ce site traite des accumulateurs et batteries rechargeables, il ne parle pas des piles (au sens non rechargeables).<\/strong><\/p>\n\n\n\n<figure class=\"wp-block-image size-large\"><img loading=\"lazy\" decoding=\"async\" width=\"1000\" height=\"190\" src=\"https:\/\/ni-cd.net\/wpnicd\/wp-content\/uploads\/2019\/11\/fondsite.gif\" alt=\"image acccus\" class=\"wp-image-118\"\/><\/figure>\n\n\n\n<p class=\"has-text-color has-background has-very-light-gray-color has-vivid-red-background-color\"><strong>Bonjour, <\/strong><br><strong>ATTENTION le site est en cours de refonte totale.  <\/strong><br><strong>Le confinement me  permet enfin de moderniser la structure du site ce qui devenait urgent. Pour l&rsquo;instant seul le contenu standard est disponible. Les forums, livre d&rsquo;or et autres formulaires interactifs viendront petit \u00e0 petit. <\/strong><br><em>Il y a encore des petits bugs d\u00fbs au transfert de la plateforme de d\u00e9veloppement, \u00e7a va se corriger aussi&#8230;.<\/em><br><strong>Merci de patienter.<br>Bonne lecture<\/strong><\/p>\n\n\n\n<p><br> A l&rsquo;origine portant principalement sur les technologies Ni-Cd et Ni-MH, le site couvre aujourd&rsquo;hui les batteries au plomb, les accus au Lithium, maintenant Les Alcalines \u00ab\u00a0rechargeables\u00a0\u00bb, et j&rsquo;aborderai dans l&rsquo;avenir les supers capacit\u00e9s et piles \u00e0 combustible qui font aussi partie des \u00ab\u00a0rechargeables\u00a0\u00bb.<br> Si le Ni-Cd plafonne et dispara\u00eet aujourd&rsquo;hui de la vente en grand public les autres technologies elles sont en perp\u00e9tuelle \u00e9volution, il est donc tr\u00e8s difficile de faire une synth\u00e8se claire sur l&rsquo;ensemble du sujet<br> Ces pages ont pour but de parler de tout ce qui touche \u00e0 ce monde des accumulateurs, de la chimie aux m\u00e9thodes de charges, en passant par les chargeurs et les revendeurs de mat\u00e9riels. Les donn\u00e9es pr\u00e9sentes ont \u00e9t\u00e9 accumul\u00e9es depuis fin 1998 date \u00e0 laquelle j&rsquo;ai commenc\u00e9 l&rsquo;aventure de ce site dans le monde des batteries. C&rsquo;\u00e9tait mon m\u00e9tier il y a quelques ann\u00e9es, c&rsquo;est devenu un hobby ?!<br> Pourquoi un site sur tel sujet ? Beaucoup ne comprennent pas qu&rsquo;on puisse avoir une \u00ab\u00a0passion\u00a0\u00bb pour des batteries. En fait c&rsquo;est arriv\u00e9 par hasard, par la combinaison de l&rsquo;envie de faire un site pour la cr\u00e9ativit\u00e9 et de celle des quelques comp\u00e9tences que j&rsquo;avais sur ce sujet encore aujourd&rsquo;hui tr\u00e8s peu abord\u00e9 dans son ensemble sur le net.<br> Ce site et son contenu sont du b\u00e9n\u00e9volat. Les pages sont \u00e9crites en toute impartialit\u00e9 m\u00eame si j&rsquo;ai par ce biais pu nouer de nombreux contacts forts int\u00e9ressants avec pas mal de fabricants. Voir \u00e0 ce titre la page \u00ab\u00a0Merci \u00e0\u00a0\u00bb<br> Vous retrouverez une partie des donn\u00e9es, que j&rsquo;ai regroup\u00e9 \u00e0 la demande g\u00e9n\u00e9rale, dans un Livre et un CDROM :<br> \u00ab\u00a0Initiation au monde des accumulateurs rechargeables.\u00a0\u00bb<br> Ils sont en vente dans la librairie . Ce financement a pour but de couvrir les frais d&rsquo;h\u00e9bergement de ce site et je l&rsquo;esp\u00e8re pouvoir me payer un petit resto de temps en temps\u2026 ;o)))<br> Si le site a d\u00e9but\u00e9 par 5 pages r\u00e9sumant quelques infos sur les accu Ni-Cd , on en est aujourd&rsquo;hui \u00e0 130 pages dynamiques en PHP, MySQL et Javascrip, et un bouquin. Une belle aventure , j&rsquo;ai autant progress\u00e9 en programmation qu&rsquo;en connaissance du monde des rechargeables\u2026 Mais l&rsquo;aventure n&rsquo;est pas termin\u00e9e, si le domaine a stagn\u00e9 pendant de tr\u00e8s tr\u00e8s longues ann\u00e9es, on assite aujourd&rsquo;hui a une explosion tous azimutes de la recherche. De nouvelles technologies d&rsquo;accus apparaissent r\u00e9guli\u00e8rement, et avec l&rsquo;engoument de plus en plus important pour la propulsion \u00e9lectrique des voitures et les appareils \u00e9lectroniques nomades, ce n&rsquo;est pas pr\u00eat de se calmer. Donc certainement encore de longue pages \u00e0 \u00e9crire avec le LiFepo, les piles \u00e0 combustible, les supers condensateurs etc. D&rsquo;ailleur, si il y a des volontaires, toutes les bonnes volont\u00e9s sont les bienvenues.<br> Bienvenu dans le monde des accumulateurs \u2026 Bonne visite.<br> Erfred.<br> Si je devais r\u00e9sumer les 130 pages de ce site en une phrase :<\/p>\n\n\n\n<p>Avoir des accus bien charg\u00e9s en bonne sant\u00e9,<br>\npasse in\u00e9vitablement par la possession d&rsquo;un chargeur de qualit\u00e9,<br>\nbien adapt\u00e9 \u00e0 vos accus et \u00e0 l&rsquo;utilisation que vous en avez.<\/p>\n","protected":false},"excerpt":{"rendered":"<p>Ce site traite des accumulateurs et batteries rechargeables, il ne parle pas des piles (au sens non rechargeables). Bonjour, ATTENTION le site est en cours de refonte totale. Le confinement me permet enfin de moderniser la structure du site ce qui devenait urgent. Pour l&rsquo;instant seul le contenu standard est disponible. Les forums, livre d&rsquo;or [&hellip;]<\/p>\n","protected":false},"author":1,"featured_media":0,"parent":0,"menu_order":0,"comment_status":"closed","ping_status":"closed","template":"","meta":{"footnotes":""},"class_list":["post-187","page","type-page","status-publish","hentry"],"_links":{"self":[{"href":"https:\/\/ni-cd.net\/wpnicd\/index.php\/wp-json\/wp\/v2\/pages\/187"}],"collection":[{"href":"https:\/\/ni-cd.net\/wpnicd\/index.php\/wp-json\/wp\/v2\/pages"}],"about":[{"href":"https:\/\/ni-cd.net\/wpnicd\/index.php\/wp-json\/wp\/v2\/types\/page"}],"author":[{"embeddable":true,"href":"https:\/\/ni-cd.net\/wpnicd\/index.php\/wp-json\/wp\/v2\/users\/1"}],"replies":[{"embeddable":true,"href":"https:\/\/ni-cd.net\/wpnicd\/index.php\/wp-json\/wp\/v2\/comments?post=187"}],"version-history":[{"count":8,"href":"https:\/\/ni-cd.net\/wpnicd\/index.php\/wp-json\/wp\/v2\/pages\/187\/revisions"}],"predecessor-version":[{"id":1369,"href":"https:\/\/ni-cd.net\/wpnicd\/index.php\/wp-json\/wp\/v2\/pages\/187\/revisions\/1369"}],"wp:attachment":[{"href":"https:\/\/ni-cd.net\/wpnicd\/index.php\/wp-json\/wp\/v2\/media?parent=187"}],"curies":[{"name":"wp","href":"https:\/\/api.w.org\/{rel}","templated":true}]}}