{"id":1160,"date":"2020-03-22T13:39:56","date_gmt":"2020-03-22T13:39:56","guid":{"rendered":"https:\/\/testth.erfred.fr\/?page_id=1160"},"modified":"2020-05-14T15:27:46","modified_gmt":"2020-05-14T15:27:46","slug":"le-b-a-ba-li-la-charge","status":"publish","type":"page","link":"https:\/\/ni-cd.net\/wpnicd\/index.php\/le-b-a-ba-li-la-charge\/","title":{"rendered":"Le B.A.ba Li : La charge"},"content":{"rendered":"\n<p style=\"background-color:#0071a1\" class=\"has-text-color has-background has-very-light-gray-color\"><strong>La m\u00e9thode de charge<\/strong><\/p>\n\n\n\n<p>Pour charger le Li-ion il n\u2019y a pas de choix :<\/p>\n\n\n\n<p>Si vous voulez une charge \u00e0 100% c\u2019est environ 3 heures de charge\u2026<\/p>\n\n\n\n<p><strong>Mais attention : sous strict contr\u00f4le de tension.<\/strong><\/p>\n\n\n\n<p>Les accus Li-ion se chargent un peu avec le m\u00eame principe que les \naccus au Plomb. La charge se fait sous tension constante, avec une phase\n de limitation de courant au d\u00e9but de la charge. Mais pour cette \ntechnologie la r\u00e9gulation doit \u00eatre tr\u00e8s pr\u00e9cise. Il y a deux seuils de \ntension de charge en fonction de la g\u00e9n\u00e9ration de votre accu.<\/p>\n\n\n\n<p>Pour <strong>les plus anciens c\u2019est 4,1V <\/strong>par \u00e9l\u00e9ment.<br> Pour <strong>les plus r\u00e9cents<\/strong> (la technique s\u2019am\u00e9liore) <strong>c\u2019est 4,2V<\/strong> par \u00e9l\u00e9ment.<br> Dans les deux cas cette valeur de tension doit \u00eatre tr\u00e8s pr\u00e9cise :<\/p>\n\n\n\n<p style=\"color:#0071a1\" class=\"has-text-color\"><strong>c\u2019est \u00e0 +\/- 0,05V par \u00e9l\u00e9ment.<\/strong><\/p>\n\n\n\n<p>Le <strong>courant de charge<\/strong> doit \u00eatre limit\u00e9 entre <strong>C\/2 et 1C<\/strong>.<\/p>\n\n\n\n<p>La charge se passe en deux \u00e9tapes :<\/p>\n\n\n\n<figure class=\"wp-block-image size-large is-resized\"><img loading=\"lazy\" decoding=\"async\" src=\"https:\/\/ni-cd.net\/wpnicd\/wp-content\/uploads\/2019\/11\/chargeliion.gif\" alt=\"\" class=\"wp-image-103\" width=\"416\" height=\"394\"\/><\/figure>\n\n\n\n<ul class=\"wp-block-list\"><li><strong>Premi\u00e8re \u00e9tape :<\/strong> le courant est limit\u00e9 entre C\/2 et 1C. La tension augmente peu \u00e0 peu jusqu\u2019\u00e0 atteindre son seuil de r\u00e9gulation.<\/li><li><strong>Deuxi\u00e8me \u00e9tape : <\/strong>La\n tension est r\u00e9gul\u00e9e \u00e0 4,1 ou 4,2V par \u00e9l\u00e9ment (en fonction de ce \nqu\u2019indique le fabricant), le courant diminue de fa\u00e7on exponentielle \njusqu\u2019\u00e0 se stabiliser \u00e0 environ 3% de la capacit\u00e9 nominale (0,03C). \nC\u2019est la pleine charge, Il faut absolument couper le courant de charge \u00e0\n partir de ce moment. La deuxi\u00e8me \u00e9tape est la phase dite de \nremplissage.<\/li><\/ul>\n\n\n\n<p><strong><u>Attention la coupure \u00e0 Ic &lt; 0,03C est imp\u00e9rative<\/u>,<\/strong> le Li-ion ne supporte absolument pas la surcharge. Un accumulateur au Li-ion ne doit pas chauffer au cours de sa charge.<\/p>\n\n\n\n<p style=\"color:#0071a1\" class=\"has-text-color has-text-align-center\"><strong>Si vous d\u00e9tectez une \u00e9l\u00e9vation de la temp\u00e9rature, <\/strong><br><strong>c\u2019est anormal : Arr\u00eatez tout<\/strong> !<\/p>\n\n\n\n<p>Il ne sert \u00e0 rien de chercher \u00e0 augmenter le courant pour diminuer le\n temps de charge, car si cela permet d\u2019atteindre plus vite le moment du \npassage de la premi\u00e8re \u00e0 la deuxi\u00e8me \u00e9tape, la phase de remplissage elle\n durera plus longtemps\u2026 De plus l\u2019augmentation du courant de charge \ninfluerait directement sur la dur\u00e9e de vie de l\u2019accu. Il est donc \npr\u00e9f\u00e9rable de se contenter d\u2019une charge \u00e0 C\/2.<\/p>\n\n\n\n<p>Il ne faut pas appliquer de charge lente ou courant d\u2019entretien aux \naccus Li-ion, \u00e7a cr\u00e9\u00e9 un placage de Lithium m\u00e9tallique sur les \n\u00e9lectrodes qui rendrait l\u2019\u00e9l\u00e9ment instable. Pour compenser la faible \nauto d\u00e9charge il est pr\u00e9conis\u00e9 de remettre en charge l\u2019accu pendant un \nbref instant toutes les 500 heures. Cette recharge sera elle aussi \nstopp\u00e9e par le passage du courant sous le seuil de 0,03C.<\/p>\n\n\n\n<p>Pour r\u00e9sumer :<\/p>\n\n\n\n<ul class=\"wp-block-list\"><li><strong>Tension de charge constante r\u00e9gul\u00e9e : 4,1V ou 4,2 V +\/- 0,05V par \u00e9l\u00e9ment<\/strong><\/li><li><strong>Courant de charge Ic limit\u00e9 entre C\/2 et 1C<\/strong><\/li><li><strong><u>Arr\u00eat obligatoire de la charge quand Ic &lt; 0,03 C<\/u><\/strong><\/li><li><strong>Pas d\u2019\u00e9l\u00e9vation de la temp\u00e9rature pendant la charge<\/strong><\/li><\/ul>\n\n\n\n<p>Par contre vous pouvez sans aucun probl\u00e8me remettre en charge un accu\n Li-ion partiellement d\u00e9charg\u00e9. \u00c7a ne pose aucun soucis, la charge se \npassera sans probl\u00e8me.<\/p>\n\n\n\n<p style=\"background-color:#0071a1\" class=\"has-text-color has-background has-very-light-gray-color\"><strong>Le chargeur.<\/strong><\/p>\n\n\n\n<p> Si vous avez bien tout compris et que vous sentez que vous ma\u00eetrisez\n \u00e0 fond, vous pouvez tout simplement recharger un accu Li-ion ou un pack\n avec une alimentation stabilis\u00e9e de laboratoire. R\u00e9glez la tension \u00e0 \n4,1V ou 4,2V (en fonction de ce qu\u2019indique le fabricant), Limitez le \ncourant \u00e0 C\/2 et branchez l\u2019accu. La difficult\u00e9 sera toujours de coupez \nla charge \u00e0 Ic &lt; 0,03 C, car il faudra surveiller le courant.<\/p>\n\n\n\n<p>Ensuite il existe beaucoup de chargeurs sp\u00e9cialis\u00e9s l\u00e0 aussi du plus \nsimple, d\u00e9di\u00e9 \u00e0 un exemplaire de batterie, au plus compliqu\u00e9 (et cher).<\/p>\n\n\n\n<p>Attention toutefois aux chargeurs rapides qui chargent en 1h. En fait  ils stoppent la charge \u00e0 la fin de la phase 1 et l\u2019accu n\u2019est charg\u00e9  qu\u2019\u00e0 70% environ\u2026<\/p>\n\n\n\n<p class=\"has-text-align-right has-medium-font-size\"><br><a href=\"\/wpnicd\/index.php\/le-b-a-ba-li-precautions\"><strong>&gt;&gt;&gt; Le B.A.ba Li : Pr\u00e9cautions<\/strong><\/a><\/p>\n","protected":false},"excerpt":{"rendered":"<p>La m\u00e9thode de charge Pour charger le Li-ion il n\u2019y a pas de choix : Si vous voulez une charge \u00e0 100% c\u2019est environ 3 heures de charge\u2026 Mais attention : sous strict contr\u00f4le de tension. Les accus Li-ion se chargent un peu avec le m\u00eame principe que les accus au Plomb. La charge se [&hellip;]<\/p>\n","protected":false},"author":2,"featured_media":0,"parent":0,"menu_order":0,"comment_status":"closed","ping_status":"closed","template":"","meta":{"footnotes":""},"class_list":["post-1160","page","type-page","status-publish","hentry"],"_links":{"self":[{"href":"https:\/\/ni-cd.net\/wpnicd\/index.php\/wp-json\/wp\/v2\/pages\/1160"}],"collection":[{"href":"https:\/\/ni-cd.net\/wpnicd\/index.php\/wp-json\/wp\/v2\/pages"}],"about":[{"href":"https:\/\/ni-cd.net\/wpnicd\/index.php\/wp-json\/wp\/v2\/types\/page"}],"author":[{"embeddable":true,"href":"https:\/\/ni-cd.net\/wpnicd\/index.php\/wp-json\/wp\/v2\/users\/2"}],"replies":[{"embeddable":true,"href":"https:\/\/ni-cd.net\/wpnicd\/index.php\/wp-json\/wp\/v2\/comments?post=1160"}],"version-history":[{"count":7,"href":"https:\/\/ni-cd.net\/wpnicd\/index.php\/wp-json\/wp\/v2\/pages\/1160\/revisions"}],"predecessor-version":[{"id":1365,"href":"https:\/\/ni-cd.net\/wpnicd\/index.php\/wp-json\/wp\/v2\/pages\/1160\/revisions\/1365"}],"wp:attachment":[{"href":"https:\/\/ni-cd.net\/wpnicd\/index.php\/wp-json\/wp\/v2\/media?parent=1160"}],"curies":[{"name":"wp","href":"https:\/\/api.w.org\/{rel}","templated":true}]}}