{"id":1152,"date":"2020-03-22T13:33:46","date_gmt":"2020-03-22T13:33:46","guid":{"rendered":"https:\/\/testth.erfred.fr\/?page_id=1152"},"modified":"2020-04-13T20:21:38","modified_gmt":"2020-04-13T20:21:38","slug":"le-b-a-ba-li-caracteristiques","status":"publish","type":"page","link":"https:\/\/ni-cd.net\/wpnicd\/index.php\/le-b-a-ba-li-caracteristiques\/","title":{"rendered":"Le B.A.ba Li : Caract\u00e9ristiques"},"content":{"rendered":"\n<p style=\"background-color:#0071a1\" class=\"has-text-color has-background has-very-light-gray-color\"><strong>La tension<\/strong><\/p>\n\n\n\n<p> La tension nominale d\u2019un accumulateur Li-ion est de 3,6 Volts. La \ntension nominale d\u2019un accumulateur Li-po ou de certains Li-ion r\u00e9cents \nest de 3,7 Volts. Mais l\u00e0 aussi la tension varie avec l\u2019\u00e9tat de charge \nde l\u2019\u00e9l\u00e9ment. Cette tension varie de 4,2V en fin de charge \u00e0 3V \nd\u00e9charg\u00e9, le seuil limite de d\u00e9charge \u00e9tant \u00e0 2,5V (au del\u00e0 il y a \ndestruction de l\u2019\u00e9l\u00e9ment).<\/p>\n\n\n\n<p style=\"color:#0071a1\" class=\"has-text-color has-text-align-center\"><strong>Attention : La tension d\u2019une batterie au Lithium ion ne doit jamais<br> descendre en dessous du seuil minimum de 2,5V (extr\u00eame limite)<\/strong><\/p>\n\n\n\n<p>Cette tension ne d\u00e9pend pas de la capacit\u00e9 de l\u2019accumulateur.<\/p>\n\n\n\n<p>Les accus Li-ion \u00e9tant vendus en pack, la tension de cette batterie \nsera un multiple de 3,6V (3,7V) en fonction du nombre d\u2019\u00e9l\u00e9ments qu\u2019elle\n int\u00e9grera. On trouvera donc uniquement des batteries Li-ion de 3,6V, \n7,2V, 10,8V, 14,4V etc (3,7V, 7,4V\u2026).<\/p>\n\n\n\n<p style=\"background-color:#0071a1\" class=\"has-text-color has-background has-very-light-gray-color\"><strong> La capacit\u00e9<\/strong><\/p>\n\n\n\n<p> C\u2019est l\u00e0 que r\u00e9side la grande qualit\u00e9 des accumulateurs au Li-ion.<\/p>\n\n\n\n<p>La densit\u00e9 \u00e9nerg\u00e9tique de cette technologie est 4 \u00e0 5 fois plus \nimportante que pour le Nickel, soit 80 \u00e0 120 Wh\/kg. Cela est en partie \ndue \u00e0 la forte tension de cet \u00e9lectrolyte et aussi \u00e0 sa faible densit\u00e9. \nLes batteries au Li-ion sont l\u00e9g\u00e8res, tr\u00e8s l\u00e9g\u00e8res compar\u00e9es au Plomb.<\/p>\n\n\n\n<p>Les gammes de capacit\u00e9s actuellement disponibles vont de 150 mAh \u00e0 \nplus de 4500mAh. C\u2019est faible par rapport aux autres technologies.<\/p>\n\n\n\n<p style=\"background-color:#0071a1\" class=\"has-text-color has-background has-very-light-gray-color\"><strong>La r\u00e9sistance interne<\/strong><\/p>\n\n\n\n<p> Les accus Li-ion ont une valeur de r\u00e9sistance interne relativement  faible. Elle se situe \u00e0 mi chemin entre le Ni-Cd et le Ni-MH. Elle est  de l\u2019ordre de 150 m\u03a9 \u00e0 250 m\u03a9 et permet donc des appels de courant  mod\u00e9r\u00e9s.<br> Certains Li-po ont \u00e9t\u00e9 optimis\u00e9s pour des appels de courants importants notamment dans le monde du radiomod\u00e9lisme.<\/p>\n\n\n\n<p class=\"has-text-align-right has-medium-font-size\"><br><a href=\"\/wpnicd\/index.php\/le-b-a-ba-li-la-charge\"><strong>>>> Le B.A.ba Li : La charge<\/strong><\/a><\/p>\n","protected":false},"excerpt":{"rendered":"<p>La tension La tension nominale d\u2019un accumulateur Li-ion est de 3,6 Volts. La tension nominale d\u2019un accumulateur Li-po ou de certains Li-ion r\u00e9cents est de 3,7 Volts. Mais l\u00e0 aussi la tension varie avec l\u2019\u00e9tat de charge de l\u2019\u00e9l\u00e9ment. Cette tension varie de 4,2V en fin de charge \u00e0 3V d\u00e9charg\u00e9, le seuil limite de [&hellip;]<\/p>\n","protected":false},"author":2,"featured_media":0,"parent":0,"menu_order":0,"comment_status":"closed","ping_status":"closed","template":"","meta":{"footnotes":""},"class_list":["post-1152","page","type-page","status-publish","hentry"],"_links":{"self":[{"href":"https:\/\/ni-cd.net\/wpnicd\/index.php\/wp-json\/wp\/v2\/pages\/1152"}],"collection":[{"href":"https:\/\/ni-cd.net\/wpnicd\/index.php\/wp-json\/wp\/v2\/pages"}],"about":[{"href":"https:\/\/ni-cd.net\/wpnicd\/index.php\/wp-json\/wp\/v2\/types\/page"}],"author":[{"embeddable":true,"href":"https:\/\/ni-cd.net\/wpnicd\/index.php\/wp-json\/wp\/v2\/users\/2"}],"replies":[{"embeddable":true,"href":"https:\/\/ni-cd.net\/wpnicd\/index.php\/wp-json\/wp\/v2\/comments?post=1152"}],"version-history":[{"count":4,"href":"https:\/\/ni-cd.net\/wpnicd\/index.php\/wp-json\/wp\/v2\/pages\/1152\/revisions"}],"predecessor-version":[{"id":1266,"href":"https:\/\/ni-cd.net\/wpnicd\/index.php\/wp-json\/wp\/v2\/pages\/1152\/revisions\/1266"}],"wp:attachment":[{"href":"https:\/\/ni-cd.net\/wpnicd\/index.php\/wp-json\/wp\/v2\/media?parent=1152"}],"curies":[{"name":"wp","href":"https:\/\/api.w.org\/{rel}","templated":true}]}}