{"id":1118,"date":"2020-03-22T10:45:03","date_gmt":"2020-03-22T10:45:03","guid":{"rendered":"https:\/\/testth.erfred.fr\/?page_id=1118"},"modified":"2020-08-25T20:57:30","modified_gmt":"2020-08-25T20:57:30","slug":"le-b-a-ba-plomb-constitution","status":"publish","type":"page","link":"https:\/\/ni-cd.net\/wpnicd\/index.php\/le-b-a-ba-plomb-constitution\/","title":{"rendered":"Le B.A.ba Pb : Constitution"},"content":{"rendered":"\n<p>Dans ce chapitre je parlerai surtout de batterie car on trouve tr\u00e8s \npeu d\u2019\u00e9l\u00e9ments d\u2019accumulateurs au plomb individuels. Ils sont tr\u00e8s \nsouvent vendus en batteries de 3, 6 ou 12 \u00e9l\u00e9ments.<br>\nIl y a deux grands types de batteries au Plomb :<\/p>\n\n\n\n<ul class=\"wp-block-list\"><li>Les batteries \u00e0 \u00e9lectrolyte liquide (celles de nos voitures)<\/li><li>Les batteries \u00e9tanches \u00e0 \u00e9lectrolyte stabilis\u00e9.<\/li><\/ul>\n\n\n\n<p class=\"has-very-light-gray-color has-text-color has-background\" style=\"background-color:#0071a1\"><strong>Le bo\u00eetier<\/strong><\/p>\n\n\n\n<figure class=\"wp-block-image size-large\"><img loading=\"lazy\" decoding=\"async\" width=\"261\" height=\"255\" src=\"https:\/\/ni-cd.net\/wpnicd\/wp-content\/uploads\/2019\/11\/batplomb.jpg\" alt=\"\" class=\"wp-image-86\"\/><\/figure>\n\n\n\n<p>L\u00e0 peu de g\u00e9n\u00e9ralit\u00e9s hormis le fait que les bo\u00eetiers des batteries \nau plomb sont g\u00e9n\u00e9ralement parall\u00e9lip\u00e9diques et de volumes assez vari\u00e9s \nen fonction des capacit\u00e9s.<br>\nLes batteries \u00e0 \u00e9lectrolyte liquide pr\u00e9sentent des bouchons qui \npermettent de faire des compl\u00e9ments d\u2019eau distill\u00e9e et d\u2019\u00e9vacuer les \nd\u00e9gagements gazeux.<br>\nLes batteries \u00e0 \u00e9lectrolyte stabilis\u00e9 sont juste munies d\u2019une soupape de s\u00e9curit\u00e9.<br>\nLes bo\u00eetiers disposent tous de deux connexions une positive l\u2019autre n\u00e9gative, sur lesquelles on branche le circuit \u00e0 alimenter.<\/p>\n\n\n\n<p class=\"has-very-light-gray-color has-text-color has-background\" style=\"background-color:#0071a1\"><strong>La chimie<\/strong><\/p>\n\n\n\n<p>Ici encore le bo\u00eetier enferme un \u00e9lectrolyte qui passe d\u2019un \u00e9tat \u00e0 \nl\u2019autre en se chargeant ou en se d\u00e9chargeant. La reaction chimique est \ncelle-ci :<\/p>\n\n\n\n<p class=\"has-text-align-center has-text-color has-medium-font-size\" style=\"color:#0071a1\"><strong>PbO2 + Pb + 2H2SO4 &lt;=&gt; PbSO4 + PbSO4 + 2H2O<\/strong><\/p>\n\n\n\n<p>La r\u00e9action chimique produit du gaz. Dans les batteries \u00e0 \u00e9lectrolyte  liquide ce gaz doit \u00eatre \u00e9vacu\u00e9. Attention il est compos\u00e9 d\u2019hydrog\u00e8ne  et d\u2019oxyg\u00e8ne et donc d\u00e9tonnant \u00e0 partir de 4% de concentration dans  l\u2019air. Dans les batteries \u00e9tanches \u00e0 \u00e9lectrolyte stabilis\u00e9, ces gaz se  re-combinent automatiquement.<br> Pour plus de d\u00e9tails : voir la page sur les r\u00e9actions chimiques des accus au plomb-acide<\/p>\n\n\n\n<p class=\"has-text-align-right has-medium-font-size\"><br><strong><a href=\"\/wpnicd\/index.php\/le-b-a-ba-pb-caractetistiques\">&gt;&gt;&gt; Le B.A.ba Plomb : Caract\u00e9ristiques<\/a><\/strong><\/p>\n","protected":false},"excerpt":{"rendered":"<p>Dans ce chapitre je parlerai surtout de batterie car on trouve tr\u00e8s peu d\u2019\u00e9l\u00e9ments d\u2019accumulateurs au plomb individuels. Ils sont tr\u00e8s souvent vendus en batteries de 3, 6 ou 12 \u00e9l\u00e9ments. Il y a deux grands types de batteries au Plomb : Les batteries \u00e0 \u00e9lectrolyte liquide (celles de nos voitures) Les batteries \u00e9tanches \u00e0 [&hellip;]<\/p>\n","protected":false},"author":2,"featured_media":0,"parent":0,"menu_order":0,"comment_status":"closed","ping_status":"closed","template":"","meta":{"footnotes":""},"class_list":["post-1118","page","type-page","status-publish","hentry"],"_links":{"self":[{"href":"https:\/\/ni-cd.net\/wpnicd\/index.php\/wp-json\/wp\/v2\/pages\/1118"}],"collection":[{"href":"https:\/\/ni-cd.net\/wpnicd\/index.php\/wp-json\/wp\/v2\/pages"}],"about":[{"href":"https:\/\/ni-cd.net\/wpnicd\/index.php\/wp-json\/wp\/v2\/types\/page"}],"author":[{"embeddable":true,"href":"https:\/\/ni-cd.net\/wpnicd\/index.php\/wp-json\/wp\/v2\/users\/2"}],"replies":[{"embeddable":true,"href":"https:\/\/ni-cd.net\/wpnicd\/index.php\/wp-json\/wp\/v2\/comments?post=1118"}],"version-history":[{"count":5,"href":"https:\/\/ni-cd.net\/wpnicd\/index.php\/wp-json\/wp\/v2\/pages\/1118\/revisions"}],"predecessor-version":[{"id":1511,"href":"https:\/\/ni-cd.net\/wpnicd\/index.php\/wp-json\/wp\/v2\/pages\/1118\/revisions\/1511"}],"wp:attachment":[{"href":"https:\/\/ni-cd.net\/wpnicd\/index.php\/wp-json\/wp\/v2\/media?parent=1118"}],"curies":[{"name":"wp","href":"https:\/\/api.w.org\/{rel}","templated":true}]}}