{"id":1088,"date":"2020-03-22T09:37:39","date_gmt":"2020-03-22T09:37:39","guid":{"rendered":"https:\/\/testth.erfred.fr\/?page_id=1088"},"modified":"2020-04-13T20:14:42","modified_gmt":"2020-04-13T20:14:42","slug":"le-b-a-ba-ni-precautions","status":"publish","type":"page","link":"https:\/\/ni-cd.net\/wpnicd\/index.php\/le-b-a-ba-ni-precautions\/","title":{"rendered":"Le B.A.ba Ni-: Pr\u00e9cautions"},"content":{"rendered":"\n<p style=\"color:#0071a1\" class=\"has-text-color has-text-align-center\"><strong>Quelles sont les pr\u00e9cautions \u00e0 prendre<br> pour conserver longtemps mes accus en bon \u00e9tat ?<\/strong><\/p>\n\n\n\n<p>Tout d\u2019abord les deux choses les plus importantes<\/p>\n\n\n\n<p style=\"color:#0071a1\" class=\"has-text-color\"><strong>1\/ Ne jamais trop d\u00e9charger un accu.<\/strong><\/p>\n\n\n\n<p> La tension mini d\u2019un \u00e9l\u00e9ment est de 1 volt (\u00e0 vide).<br> D\u00e8s qu\u2019il atteint cette tension il faut stopper la d\u00e9charge, sinon on tue l\u2019\u00e9lectrolyte.<\/p>\n\n\n\n<p style=\"color:#0071a1\" class=\"has-text-color\"><strong>2\/ Ne jamais trop charger un accu.<\/strong><\/p>\n\n\n\n<p> Comme je l\u2019ai expliqu\u00e9 dans les autres rubriques une fois que l\u2019accu\n est charg\u00e9, il faut stopper la charge, sinon il y a surcharge. Pour le \nNi-Cd \u00e7a use pr\u00e9matur\u00e9ment l\u2019accu et c\u2019est g\u00e9n\u00e9rateur d\u2019effet m\u00e9moire, \npour le Ni-MH c\u2019est destructeur. D\u00e8s que l\u2019accu s\u2019\u00e9chauffe il y a \nsurcharge.<\/p>\n\n\n\n<p style=\"background-color:#0071a1\" class=\"has-text-color has-background has-very-light-gray-color\"><strong>L\u2019id\u00e9al est d\u2019utiliser un chargeur avec d\u00e9tection automatique de fin de charge (Delta Peak, -dV\/dt).<\/strong><\/p>\n\n\n\n<p><u>Si vous voulez stocker des accus pour une longue dur\u00e9e :<\/u><\/p>\n\n\n\n<ul class=\"wp-block-list\"><li>Stockez le NiCd d\u00e9charg\u00e9<\/li><li>Stockez le Ni-MH charg\u00e9<\/li><li>Faites un cycle de recharge au moins tous les six mois.<\/li><\/ul>\n\n\n\n<p>Rechargez vos accus \u00e0 20 \u00b0C<\/p>\n\n\n\n<p>Conservez vos accus charg\u00e9s plus longtemps en les stockant dans le frigo autour de 2 \u00e0 4 \u00b0C.<br>\nLaissez les remonter \u00e0 temp\u00e9rature ambiante ensuite avant de les utiliser.<\/p>\n\n\n\n<p>Pour plus d\u2019infos voir : \u00ab\u00a0<a href=\"\/wpnicd\/index.php\/les-conditions-dutilisation-des-accus-au-nickel\/\">Th\u00e9orie \/ Conditions d\u2019utilisation\u00a0<\/a>\u00bb<\/p>\n\n\n\n<p class=\"has-text-align-right has-medium-font-size\"><br><strong><a href=\"\/wpnicd\/index.php\/le-b-a-ba-ni-leffet-memoire\">>>> Le B.A.ba Ni-xx : L&rsquo;effet m\u00e9moire<\/a><\/strong><\/p>\n","protected":false},"excerpt":{"rendered":"<p>Quelles sont les pr\u00e9cautions \u00e0 prendre pour conserver longtemps mes accus en bon \u00e9tat ? Tout d\u2019abord les deux choses les plus importantes 1\/ Ne jamais trop d\u00e9charger un accu. La tension mini d\u2019un \u00e9l\u00e9ment est de 1 volt (\u00e0 vide). D\u00e8s qu\u2019il atteint cette tension il faut stopper la d\u00e9charge, sinon on tue l\u2019\u00e9lectrolyte. [&hellip;]<\/p>\n","protected":false},"author":2,"featured_media":0,"parent":0,"menu_order":0,"comment_status":"closed","ping_status":"closed","template":"","meta":{"footnotes":""},"class_list":["post-1088","page","type-page","status-publish","hentry"],"_links":{"self":[{"href":"https:\/\/ni-cd.net\/wpnicd\/index.php\/wp-json\/wp\/v2\/pages\/1088"}],"collection":[{"href":"https:\/\/ni-cd.net\/wpnicd\/index.php\/wp-json\/wp\/v2\/pages"}],"about":[{"href":"https:\/\/ni-cd.net\/wpnicd\/index.php\/wp-json\/wp\/v2\/types\/page"}],"author":[{"embeddable":true,"href":"https:\/\/ni-cd.net\/wpnicd\/index.php\/wp-json\/wp\/v2\/users\/2"}],"replies":[{"embeddable":true,"href":"https:\/\/ni-cd.net\/wpnicd\/index.php\/wp-json\/wp\/v2\/comments?post=1088"}],"version-history":[{"count":5,"href":"https:\/\/ni-cd.net\/wpnicd\/index.php\/wp-json\/wp\/v2\/pages\/1088\/revisions"}],"predecessor-version":[{"id":1257,"href":"https:\/\/ni-cd.net\/wpnicd\/index.php\/wp-json\/wp\/v2\/pages\/1088\/revisions\/1257"}],"wp:attachment":[{"href":"https:\/\/ni-cd.net\/wpnicd\/index.php\/wp-json\/wp\/v2\/media?parent=1088"}],"curies":[{"name":"wp","href":"https:\/\/api.w.org\/{rel}","templated":true}]}}