{"id":1073,"date":"2020-02-19T22:48:10","date_gmt":"2020-02-19T22:48:10","guid":{"rendered":"https:\/\/testth.erfred.fr\/?page_id=1073"},"modified":"2020-04-13T20:11:40","modified_gmt":"2020-04-13T20:11:40","slug":"le-b-a-ba-ni-constitution","status":"publish","type":"page","link":"https:\/\/ni-cd.net\/wpnicd\/index.php\/le-b-a-ba-ni-constitution\/","title":{"rendered":"Le B.A.ba Ni- : Constitution"},"content":{"rendered":"\n<p style=\"background-color:#0071a1\" class=\"has-text-color has-background has-very-light-gray-color\"><strong>Le bo\u00eetier <\/strong><\/p>\n\n\n\n<p>Un accumulateur Ni-Cd ou Ni-MH se pr\u00e9sente g\u00e9n\u00e9ralement sous la m\u00eame forme qu\u2019une pile. <\/p>\n\n\n\n<p>           Cet \u00e9l\u00e9ment peut \u00eatre de diff\u00e9rentes tailles souvent \u00e9quivalentes aux standards des piles alcalines.          <br> Voici les \u00e9quivalences entre les diff\u00e9rentes d\u00e9nominations des grands standards :<\/p>\n\n\n\n<figure class=\"wp-block-table\"><table><tbody><tr><td>LR03, R03, AAA, AM4, MN2400, SP\/HP16, Micro, KR03<\/td><td>\u00d8 =10.5 mm &amp; h =45 mm<\/td><\/tr><tr><td>LR1, N, AM5, MN91000, Lady<\/td><td>\u00d8 =11.5 mm &amp; h =29 mm<\/td><\/tr><tr><td>LR6, R6, AA, AM3, MN1500, SP\/HP7, Mignon, KR6<\/td><td>\u00d8 =14.5 mm &amp; h =48 mm<\/td><\/tr><tr><td>LR14, R14, C, AM2, MN1400, SP\/HP11, Baby<\/td><td>\u00d8 =25.5 mm &amp; h =50 mm<\/td><\/tr><tr><td>LR20, R20, D, AM1, MN1300, SP\/HP2, Mono, KR20<\/td><td>\u00d8 =32 mm &amp; h =61 mm<\/td><\/tr><tr><td>6F22, PP3, 6LR61, 6AM6, MN1604, E-Block<\/td><td>Format pile 9V<\/td><\/tr><\/tbody><\/table><\/figure>\n\n\n\n<p>Contrairement aux piles, pour les accumulateurs, il existe entre ces   tailles,           toute une d\u00e9clinaison de diam\u00e8tres et de hauteurs   diff\u00e9rentes normalis\u00e9es.           On trouve aussi les accus au Nickel   dans des bo\u00eetiers styles &nbsp;\u00ab\u00a0piles bouton\u00a0\u00bb   et dans des bo\u00eetiers parall\u00e9l\u00e9pip\u00e9diques dits &nbsp;\u00ab\u00a0prismatiques\u00a0\u00bb . <\/p>\n\n\n\n<p>Pour plus de d\u00e9tails : LES TAILLES STANDARD DES ACCUS<\/p>\n\n\n\n<p>L\u2019accumulateur d\u00e9livre, en d\u00e9charge, un courant continu entre ses deux p\u00f4les (connexions).           <br>Le p\u00f4le n\u00e9gatif (-) \u00e9tant l\u2019extr\u00e9mit\u00e9 sur laquelle on peut poser l\u2019accu ( pour les accus cylindriques).           <br>Le\n p\u00f4le positif (+) est donc l\u2019autre extr\u00e9mit\u00e9 du cylindre muni en son \ncentre d\u2019un petit renflement cylindrique qui assure les contacts \n\u00e9lectriques.           Hormis les deux p\u00f4les le reste de l\u2019\u00e9l\u00e9ment est \nrecouvert d\u2019un isolant \u00e9lectrique qu\u2019il ne faut pas enlever.<\/p>\n\n\n\n<p>Comme je vous l\u2019ai d\u00e9j\u00e0 dit un peu plus haut, l\u2019accumulateur devient \nune batterie lorsqu\u2019il est compos\u00e9 de plusieurs \u00e9l\u00e9ments associ\u00e9s dans \nun emballage rigide. En se sens, l\u2019accumulateur en bo\u00eetier format &nbsp;\u00bb \npile 9V &nbsp;\u00bb est d\u00e9j\u00e0 une batterie. En fait cet accu est compos\u00e9 de 7 \n\u00e9l\u00e9ments en s\u00e9rie.<\/p>\n\n\n\n<p style=\"background-color:#0071a1\" class=\"has-text-color has-background has-very-light-gray-color\"><strong>La chimie<\/strong><\/p>\n\n\n\n<p> Un \u00e9l\u00e9ment d\u2019accumulateur est donc compos\u00e9 d\u2019un bo\u00eetier m\u00e9tallique \nrempli d\u2019un \u00e9lectrolyte qui a la particularit\u00e9 en changeant d\u2019\u00e9tat de \nd\u00e9livrer de l\u2019\u00e9nergie \u00e9lectrique (La d\u00e9charge) et de retourner \u00e0 son \n\u00e9tat pr\u00e9c\u00e9dent quand on lui injecte de l\u2019\u00e9nergie \u00e9lectrique (La charge).\n <\/p>\n\n\n\n<p><em>Les formules chimiques g\u00e9n\u00e9riques mises en jeu sont les suivantes :<\/em><\/p>\n\n\n\n<p style=\"color:#0071a1\" class=\"has-text-color\"><strong>Pour le Ni-Cd :<\/strong><\/p>\n\n\n\n<figure class=\"wp-block-image is-resized\"><img loading=\"lazy\" decoding=\"async\" src=\"http:\/\/www.ni-cd.net\/accusphp\/theorie\/images\/equationreac.gif\" alt=\"R\u00e9action chimique Ni-Cd\" width=\"569\" height=\"47\"\/><\/figure>\n\n\n\n<p style=\"color:#0071a1\" class=\"has-text-color\"><strong>Pour le Ni-MH :<\/strong><\/p>\n\n\n\n<figure class=\"wp-block-image is-resized\"><img loading=\"lazy\" decoding=\"async\" src=\"http:\/\/www.ni-cd.net\/accusphp\/theorie\/images\/equanimhreac.gif\" alt=\"R\u00e9action chimique Ni-MH\" width=\"405\" height=\"40\"\/><\/figure>\n\n\n\n<p><br> Plus de d\u00e9tails sur <a href=\"\/wpnicd\/index.php\/la-chimie-des-accus-au-nickel\/\">les pages chimie<\/a><\/p>\n\n\n\n<p class=\"has-text-align-right has-medium-font-size\"><br><br><strong><a href=\"\/wpnicd\/index.php\/le-b-a-ba-ni-caracteristiques\/\">>>> Le B.A.ba Ni-xx : Les Caract\u00e9ristiques<\/a><\/strong><\/p>\n","protected":false},"excerpt":{"rendered":"<p>Le bo\u00eetier Un accumulateur Ni-Cd ou Ni-MH se pr\u00e9sente g\u00e9n\u00e9ralement sous la m\u00eame forme qu\u2019une pile. Cet \u00e9l\u00e9ment peut \u00eatre de diff\u00e9rentes tailles souvent \u00e9quivalentes aux standards des piles alcalines. Voici les \u00e9quivalences entre les diff\u00e9rentes d\u00e9nominations des grands standards : LR03, R03, AAA, AM4, MN2400, SP\/HP16, Micro, KR03 \u00d8 =10.5 mm &amp; h =45 [&hellip;]<\/p>\n","protected":false},"author":2,"featured_media":0,"parent":0,"menu_order":0,"comment_status":"closed","ping_status":"closed","template":"","meta":{"footnotes":""},"class_list":["post-1073","page","type-page","status-publish","hentry"],"_links":{"self":[{"href":"https:\/\/ni-cd.net\/wpnicd\/index.php\/wp-json\/wp\/v2\/pages\/1073"}],"collection":[{"href":"https:\/\/ni-cd.net\/wpnicd\/index.php\/wp-json\/wp\/v2\/pages"}],"about":[{"href":"https:\/\/ni-cd.net\/wpnicd\/index.php\/wp-json\/wp\/v2\/types\/page"}],"author":[{"embeddable":true,"href":"https:\/\/ni-cd.net\/wpnicd\/index.php\/wp-json\/wp\/v2\/users\/2"}],"replies":[{"embeddable":true,"href":"https:\/\/ni-cd.net\/wpnicd\/index.php\/wp-json\/wp\/v2\/comments?post=1073"}],"version-history":[{"count":3,"href":"https:\/\/ni-cd.net\/wpnicd\/index.php\/wp-json\/wp\/v2\/pages\/1073\/revisions"}],"predecessor-version":[{"id":1254,"href":"https:\/\/ni-cd.net\/wpnicd\/index.php\/wp-json\/wp\/v2\/pages\/1073\/revisions\/1254"}],"wp:attachment":[{"href":"https:\/\/ni-cd.net\/wpnicd\/index.php\/wp-json\/wp\/v2\/media?parent=1073"}],"curies":[{"name":"wp","href":"https:\/\/api.w.org\/{rel}","templated":true}]}}