{"id":1052,"date":"2020-02-19T22:08:52","date_gmt":"2020-02-19T22:08:52","guid":{"rendered":"https:\/\/testth.erfred.fr\/?page_id=1052"},"modified":"2020-04-13T20:09:17","modified_gmt":"2020-04-13T20:09:17","slug":"le-b-a-ba-les-grandeurs","status":"publish","type":"page","link":"https:\/\/ni-cd.net\/wpnicd\/index.php\/le-b-a-ba-les-grandeurs\/","title":{"rendered":"Le B.A.ba : Les Grandeurs"},"content":{"rendered":"\n<p><strong><em>Ce chapitre est court (ouf ! ! !) mais tr\u00e8s important.<\/em><\/strong><\/p>\n\n\n\n<p>Vous aller trouver ci dessous les trois choses qui caract\u00e9risent un accumulateur ou une batterie.<br>\nCe sont les param\u00e8tres principaux qu\u2019on d\u00e9taillera ensuite pour chaque \ntechnologie. Ce sont eux qui permettent de comparer les accus entre eux.<\/p>\n\n\n\n<p style=\"background-color:#0071a1\" class=\"has-text-color has-background has-very-light-gray-color\"><strong>La capacit\u00e9.<\/strong><\/p>\n\n\n\n<p>Toutes technologies confondues, la caract\u00e9ristique principale d\u2019un accumulateur, c\u2019est la capacit\u00e9.<br>\nLa capacit\u00e9 d\u2019un accu c\u2019est la quantit\u00e9 d\u2019\u00e9nergie qu\u2019il est \u00e0 m\u00eame d\u2019emmagasiner, et donc celle qu\u2019il est capable de restituer.<\/p>\n\n\n\n<p><strong>Cette capacit\u00e9 s\u2019exprime en Amp\u00e8res-heures<\/strong>, symbole <strong>Ah<\/strong>.<\/p>\n\n\n\n<p>Un accumulateur de 2Ah est capable de restituer 2A pendant 1h ou 1A pendant 2h ou 0,5A pendant 4h etc.<br> Un sous multiple couramment utilis\u00e9 le milliamp\u00e8re-heure (symbole mAh). 1Ah = 1000 mAh.<br> La capacit\u00e9 se confond significativement avec l\u2019autonomie de l\u2019accu.<br><em>En fait l\u2019unit\u00e9 l\u00e9gale pour la \u00ab&nbsp;quantit\u00e9 d\u2019\u00e9lectricit\u00e9&nbsp;\u00bb (le vrai nom de la capacit\u00e9) c\u2019est le Coulomb. 1 Ah = 3600 C<\/em><\/p>\n\n\n\n<p>Cette capacit\u00e9 varie en fonction des technologies, de quelques \ndizaines de mAh pour des accus bouton Ni-Cd \u00e0 plus de 4000Ah pour des \nbatteries au plomb. Il faut savoir que la capacit\u00e9 restitu\u00e9e par un accu\n n\u2019est pas constante, m\u00eame \u00e0 charge \u00e9gale. La capacit\u00e9 restitu\u00e9e d\u00e9pend \ndes conditions de d\u00e9charge. Plus il fera froid et plus vous demanderez \nun courant important, plus la capacit\u00e9 de l\u2019accu sera faible, et \ninversement.<br> Pour une m\u00eame technologie la capacit\u00e9 d\u2019un \u00e9l\u00e9ment est \nproportionnelle \u00e0 son volume. Par contre pour deux technologies \ndiff\u00e9rentes, \u00e0 m\u00eame capacit\u00e9, les volumes ne sont pas du tout les m\u00eames.\n Ce rapport capacit\u00e9 \/ volume poids est caract\u00e9ris\u00e9 par la<strong> densit\u00e9 d\u2019\u00e9nergie<\/strong> exprim\u00e9e en Wh\/kg aussi appel\u00e9 <strong>facteur de m\u00e9rite<\/strong>.<\/p>\n\n\n\n<p>On parlera souvent dans le texte de la <strong>capacit\u00e9 nominale<\/strong> d\u2019un accu (not\u00e9e <strong>C<\/strong> ou <strong>Cn<\/strong>).<\/p>\n\n\n\n<p>C\u2019est tout simplement la capacit\u00e9 indiqu\u00e9e sur le bo\u00eetier de \nl\u2019\u00e9l\u00e9ment. Elle est donn\u00e9e par le fabricant et elle est normalement \ncalcul\u00e9e conform\u00e9ment \u00e0 une norme, pour ceux qui les respectent (ce qui \nn\u2019est pas toujours le cas).<\/p>\n\n\n\n<p style=\"background-color:#0071a1\" class=\"has-text-color has-background has-very-light-gray-color\"><strong>La tension<\/strong><\/p>\n\n\n\n<p>La tension d\u2019un accumulateur varie en fonction de la technologie. On \nparle l\u00e0 aussi de tension nominale. C\u2019est une valeur moyenne de la \ntension de l\u2019accu en phase de d\u00e9charge. Mais il faut savoir que en \nfonctionnement la valeur de cette tension varie au cours du temps et de \nl\u2019utilisation. ces variations d\u00e9pendant de chaque technologie, elles \nseront abord\u00e9es un peu plus loin dans ce document.<\/p>\n\n\n\n<p>Tensions nominales d\u2019un \u00e9l\u00e9ment pour les technologies principales :<br>\nPlomb : 2V<br>\nNickel : 1,2V<br>\nLithium : 3,6V<br>\nAlcaline rechargeable : 1,3V<\/p>\n\n\n\n<p>Les variations de cette tension sont en partie dues aux cons\u00e9quences \nde la r\u00e9sistance interne de l\u2019accu traduites par la loi de Pouillet \n(voir les rappels d\u2019\u00e9lectricit\u00e9).<\/p>\n\n\n\n<p style=\"background-color:#0071a1\" class=\"has-text-color has-background has-very-light-gray-color\"><strong>La r\u00e9sistance interne<\/strong><\/p>\n\n\n\n<p>La r\u00e9sistance interne est une caract\u00e9ristique p\u00e9nalisante de \nl\u2019\u00e9l\u00e9ment accumulateur. C\u2019est elle qui provoque la chute de la tension \nde l\u2019accu lorsqu\u2019on augmente le courant consomm\u00e9 (voir ci-dessus et loi \nde Pouillet).<br>\nLa r\u00e9sistance interne est due en partie aux connexions internes, \u00e0 \nl\u2019inertie de la r\u00e9action chimique, aux circuits de protection int\u00e9gr\u00e9s \ndans l\u2019\u00e9l\u00e9ment pour certains accus. La valeur de cette r\u00e9sistance est \ng\u00e9n\u00e9ralement de quelques centaines de milliohms (m\u03a9).<\/p>\n\n\n\n<p style=\"color:#0071a1\" class=\"has-text-color has-text-align-center\"><strong>Vous voyez je vous avais dit que ce serait court\u2026<br> Mais je le r\u00e9p\u00e8te ce chapitre est \u00e0 assimiler parfaitement pour le suite.<\/strong><\/p>\n\n\n\n<p>Interro demain matin \u2026<\/p>\n\n\n\n<p class=\"has-text-align-right has-medium-font-size\"><a href=\"\/wpnicd\/index.php\/la-b-a-ba-fonctionnement\/\"><br><strong>>>>  Le B.A.ba : Le Fonctionnement<\/strong><\/a><\/p>\n","protected":false},"excerpt":{"rendered":"<p>Ce chapitre est court (ouf ! ! !) mais tr\u00e8s important. Vous aller trouver ci dessous les trois choses qui caract\u00e9risent un accumulateur ou une batterie. Ce sont les param\u00e8tres principaux qu\u2019on d\u00e9taillera ensuite pour chaque technologie. Ce sont eux qui permettent de comparer les accus entre eux. La capacit\u00e9. Toutes technologies confondues, la caract\u00e9ristique [&hellip;]<\/p>\n","protected":false},"author":2,"featured_media":0,"parent":0,"menu_order":0,"comment_status":"closed","ping_status":"closed","template":"","meta":{"footnotes":""},"class_list":["post-1052","page","type-page","status-publish","hentry"],"_links":{"self":[{"href":"https:\/\/ni-cd.net\/wpnicd\/index.php\/wp-json\/wp\/v2\/pages\/1052"}],"collection":[{"href":"https:\/\/ni-cd.net\/wpnicd\/index.php\/wp-json\/wp\/v2\/pages"}],"about":[{"href":"https:\/\/ni-cd.net\/wpnicd\/index.php\/wp-json\/wp\/v2\/types\/page"}],"author":[{"embeddable":true,"href":"https:\/\/ni-cd.net\/wpnicd\/index.php\/wp-json\/wp\/v2\/users\/2"}],"replies":[{"embeddable":true,"href":"https:\/\/ni-cd.net\/wpnicd\/index.php\/wp-json\/wp\/v2\/comments?post=1052"}],"version-history":[{"count":3,"href":"https:\/\/ni-cd.net\/wpnicd\/index.php\/wp-json\/wp\/v2\/pages\/1052\/revisions"}],"predecessor-version":[{"id":1251,"href":"https:\/\/ni-cd.net\/wpnicd\/index.php\/wp-json\/wp\/v2\/pages\/1052\/revisions\/1251"}],"wp:attachment":[{"href":"https:\/\/ni-cd.net\/wpnicd\/index.php\/wp-json\/wp\/v2\/media?parent=1052"}],"curies":[{"name":"wp","href":"https:\/\/api.w.org\/{rel}","templated":true}]}}